{"id":17320,"date":"2024-03-14T14:28:39","date_gmt":"2024-03-14T13:28:39","guid":{"rendered":"http:\/\/delikatesy.wineport.pl\/?product=uganda-80-cacao-extra-dark-chocolate"},"modified":"2026-05-10T20:02:05","modified_gmt":"2026-05-10T18:02:05","slug":"uganda-80-cacao-extra-dark-chocolate","status":"publish","type":"product","link":"http:\/\/delikatesy.wineport.pl\/?product=uganda-80-cacao-extra-dark-chocolate","title":{"rendered":"UGANDA &#8211; 80% CACAO Extra Dark Chocolate"},"content":{"rendered":"<p><span style=\"font-size: 12px; font-family: Lato;\">Czekolady Cahet Origins produkowane s\u0105 z wyselekcjonowanych ziaren kakao z konkretnych region\u00f3w lub kraj\u00f3w. Unikatowy smak ziaren kakao zale\u017cy od gleby, lokalnego klimatu i wysoko\u015bci nad poziomem morza.\u00a0<\/span><\/p>\n<p><span style=\"font-size: 12px; font-family: Lato;\"><span style=\"color: #603222; font-size: 13px; font-family: muliregular, Arial, Helvetica, sans-serif;\">Nasiona Forastero z Ugandy znane s\u0105 ze swojego klasycznego smaku i niskiej kwasowo\u015bci, wysoka zawarto\u015b\u0107 kakao nadaje wyj\u0105tkowego bogatego smaku o ziemistych nutach i dymnym posmaku.<\/span><\/span><\/p>\n","protected":false},"excerpt":{"rendered":"<p><span style=\"font-size: 12px; font-family: Lato;\">Czekolady Cahet Origins produkowane s\u0105 z wyselekcjonowanych ziaren kakao z konkretnych region\u00f3w lub kraj\u00f3w. Unikatowy smak ziaren kakao zale\u017cy od gleby, lokalnego klimatu i wysoko\u015bci nad poziomem morza.\u00a0<\/span><\/p>\n<p><span style=\"font-size: 12px; font-family: Lato;\"><span style=\"color: #603222; font-size: 13px; font-family: muliregular, Arial, Helvetica, sans-serif;\">Nasiona Forastero z Ugandy znane s\u0105 ze swojego klasycznego smaku i niskiej kwasowo\u015bci, wysoka zawarto\u015b\u0107 kakao nadaje wyj\u0105tkowego bogatego smaku o ziemistych nutach i dymnym posmaku.<\/span><\/span><\/p>\n","protected":false},"featured_media":17319,"comment_status":"open","ping_status":"closed","template":"","meta":[],"product_cat":[173,185],"product_tag":[],"class_list":{"0":"post-17320","1":"product","2":"type-product","3":"status-publish","4":"has-post-thumbnail","6":"product_cat-artykuly-delikatesowe","7":"product_cat-wyroby-czekoladowe","9":"first","10":"instock","11":"shipping-taxable","12":"purchasable","13":"product-type-simple"},"_links":{"self":[{"href":"http:\/\/delikatesy.wineport.pl\/index.php?rest_route=\/wp\/v2\/product\/17320","targetHints":{"allow":["GET"]}}],"collection":[{"href":"http:\/\/delikatesy.wineport.pl\/index.php?rest_route=\/wp\/v2\/product"}],"about":[{"href":"http:\/\/delikatesy.wineport.pl\/index.php?rest_route=\/wp\/v2\/types\/product"}],"replies":[{"embeddable":true,"href":"http:\/\/delikatesy.wineport.pl\/index.php?rest_route=%2Fwp%2Fv2%2Fcomments&post=17320"}],"wp:featuredmedia":[{"embeddable":true,"href":"http:\/\/delikatesy.wineport.pl\/index.php?rest_route=\/wp\/v2\/media\/17319"}],"wp:attachment":[{"href":"http:\/\/delikatesy.wineport.pl\/index.php?rest_route=%2Fwp%2Fv2%2Fmedia&parent=17320"}],"wp:term":[{"taxonomy":"product_cat","embeddable":true,"href":"http:\/\/delikatesy.wineport.pl\/index.php?rest_route=%2Fwp%2Fv2%2Fproduct_cat&post=17320"},{"taxonomy":"product_tag","embeddable":true,"href":"http:\/\/delikatesy.wineport.pl\/index.php?rest_route=%2Fwp%2Fv2%2Fproduct_tag&post=17320"}],"curies":[{"name":"wp","href":"https:\/\/api.w.org\/{rel}","templated":true}]}}