{"id":17544,"date":"2024-03-14T14:32:34","date_gmt":"2024-03-14T13:32:34","guid":{"rendered":"http:\/\/delikatesy.wineport.pl\/?product=des-complicados-barbera-c-w"},"modified":"2026-05-10T20:05:19","modified_gmt":"2026-05-10T18:05:19","slug":"des-complicados-barbera-c-w","status":"publish","type":"product","link":"http:\/\/delikatesy.wineport.pl\/?product=des-complicados-barbera-c-w","title":{"rendered":"Des Complicados Barbera C\/W"},"content":{"rendered":"<p><span style=\"color: #32373c; font-family: Manrope, Arial, sans-serif;\">Des Complicados Barbera to chilijskie, wytrawne, czerwone wino pochodz\u0105ce z regionu Maule Valley Wino produkowane jest prze Tagua Tagua powstaje ze szczepu Barbera. Cz\u0119sto wino z Barbery myli si\u0119 z winem z Cabernet Sauvignon. Wszystko z powodu podobnego aromatu czarnej porzeczki, chocia\u017c \u015bliwkowe akcenty i wy\u017csza kwasowo\u015b\u0107, mog\u0105 by\u0107 tropem wskazuj\u0105cym na Barber\u0119. To wino charakteryzuj\u0105ce si\u0119 typowym aromatem dymnym, dzikiego i w\u0119dzonego mi\u0119sa. W ustach pe\u0142ne i dobrze zbudowane, ko\u0144c\u00f3wka jedwabista, a kwasowo\u015b\u0107 stosunkowo niska. Wszystkie elementy dobrze ze sob\u0105 wsp\u00f3\u0142graj\u0105, tworz\u0105c \u015bwietn\u0105 harmoni\u0119. W cieplejszych klimatach, ze wzgl\u0119du na wysok\u0105 kwasowo\u015b\u0107 szczep jest interesuj\u0105c\u0105 propozycj\u0105 dla winiarzy.<\/span><\/p>\n<p><span style=\"color: #ff0000;\">UWAGA!!! NIE WYSY\u0141AMY ALKOHOLU KURIEREM W PRZYPADKU ZAM\u00d3WIE\u0143 OD OS\u00d3B PRYWATNYCH, TYLKO ODBI\u00d3R OSOBISTY NA UL. \u015aW. STANIS\u0141AWA 12 W WARSZAWIE!!! W przypadku op\u0142acenia zam\u00f3wienia alkoholu z wysy\u0142k\u0105, przy zwrocie pieni\u0119dzy zostanie potr\u0105cona prowizja DOTPAY!<\/p>\n","protected":false},"excerpt":{"rendered":"<p><span style=\"color: #32373c; font-family: Manrope, Arial, sans-serif;\">Des Complicados Barbera to chilijskie, wytrawne, czerwone wino pochodz\u0105ce z regionu Maule Valley Wino produkowane jest prze Tagua Tagua powstaje ze szczepu Barbera. Cz\u0119sto wino z Barbery myli si\u0119 z winem z Cabernet Sauvignon. Wszystko z powodu podobnego aromatu czarnej porzeczki, chocia\u017c \u015bliwkowe akcenty i wy\u017csza kwasowo\u015b\u0107, mog\u0105 by\u0107 tropem wskazuj\u0105cym na Barber\u0119. To wino charakteryzuj\u0105ce si\u0119 typowym aromatem dymnym, dzikiego i w\u0119dzonego mi\u0119sa. W ustach pe\u0142ne i dobrze zbudowane, ko\u0144c\u00f3wka jedwabista, a kwasowo\u015b\u0107 stosunkowo niska. Wszystkie elementy dobrze ze sob\u0105 wsp\u00f3\u0142graj\u0105, tworz\u0105c \u015bwietn\u0105 harmoni\u0119. W cieplejszych klimatach, ze wzgl\u0119du na wysok\u0105 kwasowo\u015b\u0107 szczep jest interesuj\u0105c\u0105 propozycj\u0105 dla winiarzy.<\/span><\/p>\n","protected":false},"featured_media":17543,"comment_status":"open","ping_status":"closed","template":"","meta":[],"product_cat":[82,80],"product_tag":[],"class_list":{"0":"post-17544","1":"product","2":"type-product","3":"status-publish","4":"has-post-thumbnail","6":"product_cat-chile","7":"product_cat-wina-swiata","9":"first","10":"instock","11":"shipping-taxable","12":"purchasable","13":"product-type-simple"},"_links":{"self":[{"href":"http:\/\/delikatesy.wineport.pl\/index.php?rest_route=\/wp\/v2\/product\/17544","targetHints":{"allow":["GET"]}}],"collection":[{"href":"http:\/\/delikatesy.wineport.pl\/index.php?rest_route=\/wp\/v2\/product"}],"about":[{"href":"http:\/\/delikatesy.wineport.pl\/index.php?rest_route=\/wp\/v2\/types\/product"}],"replies":[{"embeddable":true,"href":"http:\/\/delikatesy.wineport.pl\/index.php?rest_route=%2Fwp%2Fv2%2Fcomments&post=17544"}],"wp:featuredmedia":[{"embeddable":true,"href":"http:\/\/delikatesy.wineport.pl\/index.php?rest_route=\/wp\/v2\/media\/17543"}],"wp:attachment":[{"href":"http:\/\/delikatesy.wineport.pl\/index.php?rest_route=%2Fwp%2Fv2%2Fmedia&parent=17544"}],"wp:term":[{"taxonomy":"product_cat","embeddable":true,"href":"http:\/\/delikatesy.wineport.pl\/index.php?rest_route=%2Fwp%2Fv2%2Fproduct_cat&post=17544"},{"taxonomy":"product_tag","embeddable":true,"href":"http:\/\/delikatesy.wineport.pl\/index.php?rest_route=%2Fwp%2Fv2%2Fproduct_tag&post=17544"}],"curies":[{"name":"wp","href":"https:\/\/api.w.org\/{rel}","templated":true}]}}