{"id":17546,"date":"2024-03-14T14:32:50","date_gmt":"2024-03-14T13:32:50","guid":{"rendered":"http:\/\/delikatesy.wineport.pl\/?product=tagua-reserva-merlot"},"modified":"2026-04-01T22:58:53","modified_gmt":"2026-04-01T20:58:53","slug":"tagua-reserva-merlot","status":"publish","type":"product","link":"http:\/\/delikatesy.wineport.pl\/?product=tagua-reserva-merlot","title":{"rendered":"Tagua Reserva Merlot"},"content":{"rendered":"<p><span style=\"color: #374151; font-family: S\u00f6hne, ui-sans-serif, system-ui, -apple-system, &quot; background-color: #f7f7f8;\">Tagua Reserva Merlot to wino czerwone, kt\u00f3re pochodzi z Chile. Wina Merlot z Chile s\u0105 cz\u0119sto cenione za swoj\u0105 \u0142agodno\u015b\u0107, soczysto\u015b\u0107 owoc\u00f3w i elegancj\u0119 smaku.\u00a0<\/span><span style=\"color: #374151; font-family: S\u00f6hne, ui-sans-serif, system-ui, -apple-system, &quot; background-color: #f7f7f8;\">Merlot charakteryzuje si\u0119 mi\u0119kko\u015bci\u0105 i g\u0142adko\u015bci\u0105 smaku. Smak mo\u017ce by\u0107 owocowy i delikatny, z nutami czerwonych owoc\u00f3w, takich jak truskawki i maliny, a tak\u017ce lekko korzennymi. Wino ma zazwyczaj \u0142agodne taniny, co nadaje mu aksamitn\u0105 tekstur\u0119 i harmonijny charakter. Finisz mo\u017ce by\u0107 \u015bredniej d\u0142ugo\u015bci, z subtelnymi nutami wanilii i drewna.<\/span><\/p>\n<p><span style=\"color: #ff0000;\">UWAGA!!! NIE WYSY\u0141AMY ALKOHOLU KURIEREM W PRZYPADKU ZAM\u00d3WIE\u0143 OD OS\u00d3B PRYWATNYCH, TYLKO ODBI\u00d3R OSOBISTY NA UL. \u015aW. STANIS\u0141AWA 12 W WARSZAWIE!!! W przypadku op\u0142acenia zam\u00f3wienia alkoholu z wysy\u0142k\u0105, przy zwrocie pieni\u0119dzy zostanie potr\u0105cona prowizja DOTPAY!<\/p>\n","protected":false},"excerpt":{"rendered":"<p><span style=\"color: #374151; font-family: S\u00f6hne, ui-sans-serif, system-ui, -apple-system, &quot; background-color: #f7f7f8;\">Tagua Reserva Merlot to wino czerwone, kt\u00f3re pochodzi z Chile. Wina Merlot z Chile s\u0105 cz\u0119sto cenione za swoj\u0105 \u0142agodno\u015b\u0107, soczysto\u015b\u0107 owoc\u00f3w i elegancj\u0119 smaku.\u00a0<\/span><span style=\"color: #374151; font-family: S\u00f6hne, ui-sans-serif, system-ui, -apple-system, &quot; background-color: #f7f7f8;\">Merlot charakteryzuje si\u0119 mi\u0119kko\u015bci\u0105 i g\u0142adko\u015bci\u0105 smaku. Smak mo\u017ce by\u0107 owocowy i delikatny, z nutami czerwonych owoc\u00f3w, takich jak truskawki i maliny, a tak\u017ce lekko korzennymi. Wino ma zazwyczaj \u0142agodne taniny, co nadaje mu aksamitn\u0105 tekstur\u0119 i harmonijny charakter. Finisz mo\u017ce by\u0107 \u015bredniej d\u0142ugo\u015bci, z subtelnymi nutami wanilii i drewna.<\/span><\/p>\n","protected":false},"featured_media":17545,"comment_status":"open","ping_status":"closed","template":"","meta":[],"product_cat":[82,80],"product_tag":[],"class_list":{"0":"post-17546","1":"product","2":"type-product","3":"status-publish","4":"has-post-thumbnail","6":"product_cat-chile","7":"product_cat-wina-swiata","9":"first","10":"instock","11":"shipping-taxable","12":"purchasable","13":"product-type-simple"},"_links":{"self":[{"href":"http:\/\/delikatesy.wineport.pl\/index.php?rest_route=\/wp\/v2\/product\/17546","targetHints":{"allow":["GET"]}}],"collection":[{"href":"http:\/\/delikatesy.wineport.pl\/index.php?rest_route=\/wp\/v2\/product"}],"about":[{"href":"http:\/\/delikatesy.wineport.pl\/index.php?rest_route=\/wp\/v2\/types\/product"}],"replies":[{"embeddable":true,"href":"http:\/\/delikatesy.wineport.pl\/index.php?rest_route=%2Fwp%2Fv2%2Fcomments&post=17546"}],"wp:featuredmedia":[{"embeddable":true,"href":"http:\/\/delikatesy.wineport.pl\/index.php?rest_route=\/wp\/v2\/media\/17545"}],"wp:attachment":[{"href":"http:\/\/delikatesy.wineport.pl\/index.php?rest_route=%2Fwp%2Fv2%2Fmedia&parent=17546"}],"wp:term":[{"taxonomy":"product_cat","embeddable":true,"href":"http:\/\/delikatesy.wineport.pl\/index.php?rest_route=%2Fwp%2Fv2%2Fproduct_cat&post=17546"},{"taxonomy":"product_tag","embeddable":true,"href":"http:\/\/delikatesy.wineport.pl\/index.php?rest_route=%2Fwp%2Fv2%2Fproduct_tag&post=17546"}],"curies":[{"name":"wp","href":"https:\/\/api.w.org\/{rel}","templated":true}]}}