{"id":10637,"date":"2024-03-14T13:25:37","date_gmt":"2024-03-14T12:25:37","guid":{"rendered":"http:\/\/delikatesy.wineport.pl\/?product=wino-altario-reserva-d-o-rioja-075l"},"modified":"2026-05-10T18:05:07","modified_gmt":"2026-05-10T16:05:07","slug":"wino-altario-reserva-d-o-rioja-075l","status":"publish","type":"product","link":"https:\/\/delikatesy.wineport.pl\/?product=wino-altario-reserva-d-o-rioja-075l","title":{"rendered":"Wino ALTARIO Reserva &#8211; D.O. Rioja 0,75L"},"content":{"rendered":"<p><span style=\"color: #ff0000;\">UWAGA!!! NIE WYSY\u0141AMY ALKOHOLU KURIEREM W PRZYPADKU ZAM\u00d3WIE\u0143 OD OS\u00d3B PRYWATNYCH, TYLKO ODBI\u00d3R OSOBISTY NA UL. \u015aW. STANIS\u0141AWA 12 W WARSZAWIE!!! W przypadku op\u0142acenia zam\u00f3wienia alkoholu z wysy\u0142k\u0105, przy zwrocie pieni\u0119dzy zostanie potr\u0105cona prowizja\u00a0<\/span><strong style=\"color: #ff0000;\">DOTPAY<\/strong><span style=\"color: #ff0000;\">!<\/span><\/p>\n<p>\u00a0<span style=\"font-weight: bold;\">ENTRECEPAS Reserva &#8211; D.O. Rioja<\/span><br \/> <span style=\"font-style: italic;\">producent: Bodegas Entrecepas<\/span><br \/> 54% Tempranillo, 30% Garnacha, 12% Mazuelo, 4% Graciano<br \/> Wino czerwone, wytrawne, o intensywnej, rubinowej barwie, dojrzewaj\u0105ce przez 12 miesi\u0119cy w beczkach z d\u0119bu francuskiego i ameryka\u0144skiego.<br \/> W nosie wyra\u017anie wyczuwalne drewno w towarzystwie owoc\u00f3w. W ustach eleganckie, smaczne, delikatnie przywodz\u0105ce na my\u015bl konfitury.<br \/> Podawa\u0107, gdy osi\u0105gnie temperatur\u0119 18\u00b0C do pieczonych lub grillowanych czerwonych mi\u0119s. Mo\u017ce by\u0107 przechowywane przez 12 lat.<\/p>\n","protected":false},"excerpt":{"rendered":"<p>ENTRECEPAS Reserva &#8211; D.O. Rioja producent: Bodegas Entrecepas 54% Tempranillo, 30% Garnacha, 12% Mazuelo, 4% Graciano Wino czerwone, wytrawne, o intensywnej, rubinowej barwie, dojrzewaj\u0105ce przez 12 miesi\u0119cy w beczkach z d\u0119bu francuskiego i ameryka\u0144sk&#8230;<\/p>\n","protected":false},"featured_media":10636,"comment_status":"open","ping_status":"closed","template":"","meta":[],"product_cat":[90,113,80],"product_tag":[],"class_list":{"0":"post-10637","1":"product","2":"type-product","3":"status-publish","4":"has-post-thumbnail","6":"product_cat-hiszpania","7":"product_cat-hiszpania-rioja","8":"product_cat-wina-swiata","10":"first","11":"instock","12":"shipping-taxable","13":"purchasable","14":"product-type-simple"},"_links":{"self":[{"href":"https:\/\/delikatesy.wineport.pl\/index.php?rest_route=\/wp\/v2\/product\/10637","targetHints":{"allow":["GET"]}}],"collection":[{"href":"https:\/\/delikatesy.wineport.pl\/index.php?rest_route=\/wp\/v2\/product"}],"about":[{"href":"https:\/\/delikatesy.wineport.pl\/index.php?rest_route=\/wp\/v2\/types\/product"}],"replies":[{"embeddable":true,"href":"https:\/\/delikatesy.wineport.pl\/index.php?rest_route=%2Fwp%2Fv2%2Fcomments&post=10637"}],"wp:featuredmedia":[{"embeddable":true,"href":"https:\/\/delikatesy.wineport.pl\/index.php?rest_route=\/wp\/v2\/media\/10636"}],"wp:attachment":[{"href":"https:\/\/delikatesy.wineport.pl\/index.php?rest_route=%2Fwp%2Fv2%2Fmedia&parent=10637"}],"wp:term":[{"taxonomy":"product_cat","embeddable":true,"href":"https:\/\/delikatesy.wineport.pl\/index.php?rest_route=%2Fwp%2Fv2%2Fproduct_cat&post=10637"},{"taxonomy":"product_tag","embeddable":true,"href":"https:\/\/delikatesy.wineport.pl\/index.php?rest_route=%2Fwp%2Fv2%2Fproduct_tag&post=10637"}],"curies":[{"name":"wp","href":"https:\/\/api.w.org\/{rel}","templated":true}]}}