{"id":11249,"date":"2024-03-14T13:29:00","date_gmt":"2024-03-14T12:29:00","guid":{"rendered":"http:\/\/delikatesy.wineport.pl\/?product=brandy-soberano-solera-36-07l-karton"},"modified":"2026-05-10T18:15:13","modified_gmt":"2026-05-10T16:15:13","slug":"brandy-soberano-solera-36-07l-karton","status":"publish","type":"product","link":"https:\/\/delikatesy.wineport.pl\/?product=brandy-soberano-solera-36-07l-karton","title":{"rendered":"BRANDY SOBERANO SOLERA 36% 0,7L karton"},"content":{"rendered":"<p class=\"MsoNormal\" style=\"mso-margin-top-alt: auto; mso-margin-bottom-alt: auto; margin-left: 0cm; text-indent: -18.0pt; mso-list: l0 level1 lfo1; tab-stops: list 36.0pt; background: white;\"><!--  \t[if !supportLists]  \t--> <span style=\"font-size: 10.0pt; mso-bidi-font-size: 11.0pt; font-family: Symbol; mso-fareast-font-family: Symbol; mso-bidi-font-family: Symbol; mso-fareast-language: PL; mso-no-proof: yes;\">\u00b7 <span style=\"font-size: 7pt; font-family: 'Times New Roman';\">\u00a0\u00a0\u00a0\u00a0\u00a0\u00a0\u00a0\u00a0 <span style=\"font-size: 14pt;\"><span style=\"color: #ff0000;\">UWAGA!!! NIE WYSY\u0141AMY ALKOHOLU KURIEREM W PRZYPADKU ZAM\u00d3WIE\u0143 OD OS\u00d3B PRYWATNYCH, TYLKO ODBI\u00d3R OSOBISTY NA UL. \u015aW. STANIS\u0141AWA 12 W WARSZAWIE!!! W przypadku op\u0142acenia zam\u00f3wienia alkoholu z wysy\u0142k\u0105, przy zwrocie pieni\u0119dzy zostanie potr\u0105cona prowizja\u00a0<\/span><strong style=\"color: #ff0000;\">DOTPAY<\/strong><span style=\"color: #ff0000;\">!<\/span><\/span><\/span><\/span><\/p>\n<p class=\"MsoNormal\" style=\"mso-margin-top-alt: auto; mso-margin-bottom-alt: auto; margin-left: 0cm; text-indent: -18.0pt; mso-list: l0 level1 lfo1; tab-stops: list 36.0pt; background: white;\"><!--  \t[endif]  \t--> Brandy de Jerez, Soberano posiadaj\u0105cy ju\u017c ponad 100-letni\u0105 tradycj\u0119 nale\u017cy do najs\u0142ynniejszych i najlepiej sprzedaj\u0105cych si\u0119 produkt\u00f3w piwnicy Gonzalesa Byass&#8217;a. Czysta i l\u015bni\u0105ca o z\u0142oto-bursztynowej barwie o eleganckim aromacie drewna d\u0119bowego z nutkami suszonych owoc\u00f3w. W smaku <span style=\"text-indent: -18pt; font-size: 10pt; font-family: Symbol;\"> <span style=\"font-size: 7pt; font-family: 'Times New Roman';\">\u00a0\u00a0<\/span><\/span> <span style=\"background-color: white; text-indent: -18pt;\">zr\u00f3wnowa\u017cona, lekka i delikatna.<\/span><\/p>\n<p class=\"MsoNormal\" style=\"mso-margin-top-alt: auto; mso-margin-bottom-alt: auto; margin-left: 0cm; text-indent: -18.0pt; mso-list: l0 level1 lfo1; tab-stops: list 36.0pt; background: white;\">\u00a0<\/p>\n","protected":false},"excerpt":{"rendered":"<p>\u00b7 Brandy de Jerez, Soberano posiadaj\u0105cy ju\u017c ponad 100-letni\u0105 tradycj\u0119 nale\u017cy do najs\u0142ynniejszych i najlepiej sprzedaj\u0105cych si\u0119 produkt\u00f3w piwnicy Gonzalesa Byass&#8217;a. Czysta i l\u015bni\u0105ca o z\u0142oto-bursztynowej barwie o eleganckim aromacie drewna d\u0119bowego z n&#8230;<\/p>\n","protected":false},"featured_media":11248,"comment_status":"open","ping_status":"closed","template":"","meta":[],"product_cat":[142,146,145,151],"product_tag":[],"class_list":{"0":"post-11249","1":"product","2":"type-product","3":"status-publish","4":"has-post-thumbnail","6":"product_cat-alkohole-mocne","7":"product_cat-armagnac-i-brandy","8":"product_cat-cognac","9":"product_cat-hiszpania-armagnac-i-brandy","11":"first","12":"instock","13":"shipping-taxable","14":"purchasable","15":"product-type-simple"},"_links":{"self":[{"href":"https:\/\/delikatesy.wineport.pl\/index.php?rest_route=\/wp\/v2\/product\/11249","targetHints":{"allow":["GET"]}}],"collection":[{"href":"https:\/\/delikatesy.wineport.pl\/index.php?rest_route=\/wp\/v2\/product"}],"about":[{"href":"https:\/\/delikatesy.wineport.pl\/index.php?rest_route=\/wp\/v2\/types\/product"}],"replies":[{"embeddable":true,"href":"https:\/\/delikatesy.wineport.pl\/index.php?rest_route=%2Fwp%2Fv2%2Fcomments&post=11249"}],"wp:featuredmedia":[{"embeddable":true,"href":"https:\/\/delikatesy.wineport.pl\/index.php?rest_route=\/wp\/v2\/media\/11248"}],"wp:attachment":[{"href":"https:\/\/delikatesy.wineport.pl\/index.php?rest_route=%2Fwp%2Fv2%2Fmedia&parent=11249"}],"wp:term":[{"taxonomy":"product_cat","embeddable":true,"href":"https:\/\/delikatesy.wineport.pl\/index.php?rest_route=%2Fwp%2Fv2%2Fproduct_cat&post=11249"},{"taxonomy":"product_tag","embeddable":true,"href":"https:\/\/delikatesy.wineport.pl\/index.php?rest_route=%2Fwp%2Fv2%2Fproduct_tag&post=11249"}],"curies":[{"name":"wp","href":"https:\/\/api.w.org\/{rel}","templated":true}]}}