{"id":11279,"date":"2024-03-14T13:29:10","date_gmt":"2024-03-14T12:29:10","guid":{"rendered":"http:\/\/delikatesy.wineport.pl\/?product=brandy-ronsard-napoleon-07l-tuba"},"modified":"2026-05-10T18:16:01","modified_gmt":"2026-05-10T16:16:01","slug":"brandy-ronsard-napoleon-07l-tuba","status":"publish","type":"product","link":"https:\/\/delikatesy.wineport.pl\/?product=brandy-ronsard-napoleon-07l-tuba","title":{"rendered":"Brandy Ronsard Napol\u00e9on 0,7l &#8211; tuba"},"content":{"rendered":"<p><span class=\"Apple-style-span\" style=\"line-height: 17px; font-family: Verdana, Arial, Helvetica, sans-serif; font-size: 14pt; color: #333333;\"><span style=\"color: #ff0000;\">UWAGA!!! NIE WYSY\u0141AMY ALKOHOLU KURIEREM W PRZYPADKU ZAM\u00d3WIE\u0143 OD OS\u00d3B PRYWATNYCH, TYLKO ODBI\u00d3R OSOBISTY NA UL. \u015aW. STANIS\u0141AWA 12 W WARSZAWIE!!! W przypadku op\u0142acenia zam\u00f3wienia alkoholu z wysy\u0142k\u0105, przy zwrocie pieni\u0119dzy zostanie potr\u0105cona prowizja\u00a0<\/span><strong style=\"color: #ff0000;\">DOTPAY<\/strong><span style=\"color: #ff0000;\">!<\/span><\/span><\/p>\n<p><span class=\"Apple-style-span\" style=\"line-height: 17px; font-family: Verdana, Arial, Helvetica, sans-serif; font-size: 14pt; color: #333333;\"> <span class=\"Apple-style-span\" style=\"color: #a3916e; font-size: 11px; -webkit-border-horizontal-spacing: 4px; -webkit-border-vertical-spacing: 4px; font-weight: bold;\">Najwy\u017cszej jako\u015bci francuska brandy wyprodukowana ze starannie dobranych destylat\u00f3w lekkich win bia\u0142ych. Zar\u00f3wno sw\u00f3j \u0142agodny, subtelny smak dojrza\u0142ej brandy, jak i pi\u0119kny z\u0142ocisto-bursztynowy kolor Ronsard zawdzi\u0119cza wieloletniemu le\u017cakowaniu w drewnianych kufach z d\u0119bu limuzynowego.<\/span><\/span><\/p>\n","protected":false},"excerpt":{"rendered":"<p>Najwy\u017cszej jako\u015bci francuska brandy wyprodukowana ze starannie dobranych destylat\u00f3w lekkich win bia\u0142ych. Zar\u00f3wno sw\u00f3j \u0142agodny, subtelny smak dojrza\u0142ej brandy, jak i pi\u0119kny z\u0142ocisto-bursztynowy kolor Ronsard zawdzi\u0119cza wieloletniemu le\u017cakowaniu w drew&#8230;<\/p>\n","protected":false},"featured_media":11278,"comment_status":"open","ping_status":"closed","template":"","meta":[],"product_cat":[142,146,152,145,149],"product_tag":[],"class_list":{"0":"post-11279","1":"product","2":"type-product","3":"status-publish","4":"has-post-thumbnail","6":"product_cat-alkohole-mocne","7":"product_cat-armagnac-i-brandy","8":"product_cat-brandy","9":"product_cat-cognac","10":"product_cat-francja-armagnac-i-brandy","12":"first","13":"instock","14":"shipping-taxable","15":"purchasable","16":"product-type-simple"},"_links":{"self":[{"href":"https:\/\/delikatesy.wineport.pl\/index.php?rest_route=\/wp\/v2\/product\/11279","targetHints":{"allow":["GET"]}}],"collection":[{"href":"https:\/\/delikatesy.wineport.pl\/index.php?rest_route=\/wp\/v2\/product"}],"about":[{"href":"https:\/\/delikatesy.wineport.pl\/index.php?rest_route=\/wp\/v2\/types\/product"}],"replies":[{"embeddable":true,"href":"https:\/\/delikatesy.wineport.pl\/index.php?rest_route=%2Fwp%2Fv2%2Fcomments&post=11279"}],"wp:featuredmedia":[{"embeddable":true,"href":"https:\/\/delikatesy.wineport.pl\/index.php?rest_route=\/wp\/v2\/media\/11278"}],"wp:attachment":[{"href":"https:\/\/delikatesy.wineport.pl\/index.php?rest_route=%2Fwp%2Fv2%2Fmedia&parent=11279"}],"wp:term":[{"taxonomy":"product_cat","embeddable":true,"href":"https:\/\/delikatesy.wineport.pl\/index.php?rest_route=%2Fwp%2Fv2%2Fproduct_cat&post=11279"},{"taxonomy":"product_tag","embeddable":true,"href":"https:\/\/delikatesy.wineport.pl\/index.php?rest_route=%2Fwp%2Fv2%2Fproduct_tag&post=11279"}],"curies":[{"name":"wp","href":"https:\/\/api.w.org\/{rel}","templated":true}]}}