{"id":11293,"date":"2024-03-14T13:29:12","date_gmt":"2024-03-14T12:29:12","guid":{"rendered":"http:\/\/delikatesy.wineport.pl\/?product=wino-vinas-de-olivara-cosecha-d-o-toro-075l"},"modified":"2026-05-10T18:16:05","modified_gmt":"2026-05-10T16:16:05","slug":"wino-vinas-de-olivara-cosecha-d-o-toro-075l","status":"publish","type":"product","link":"https:\/\/delikatesy.wineport.pl\/?product=wino-vinas-de-olivara-cosecha-d-o-toro-075l","title":{"rendered":"Wino VI\u00d1AS DE OLIVARA Cosecha D.O. Toro 0,75L"},"content":{"rendered":"<p style=\"color: #333333; font-family: Verdana; font-size: 13px;\"><span style=\"color: #ff0000;\">UWAGA!!! NIE WYSY\u0141AMY ALKOHOLU KURIEREM W PRZYPADKU ZAM\u00d3WIE\u0143 OD OS\u00d3B PRYWATNYCH, TYLKO ODBI\u00d3R OSOBISTY NA UL. \u015aW. STANIS\u0141AWA 12 W WARSZAWIE!!! W przypadku op\u0142acenia zam\u00f3wienia alkoholu z wysy\u0142k\u0105, przy zwrocie pieni\u0119dzy zostanie potr\u0105cona prowizja\u00a0<\/span><strong style=\"color: #ff0000;\">DOTPAY<\/strong><span style=\"color: #ff0000;\">!<\/span><\/p>\n<p style=\"color: #333333; font-family: Verdana; font-size: 13px;\">Producent: Bodegas de Marqu\u00e9s de Olivara<\/p>\n<p><span class=\"Apple-style-span\" style=\"color: #333333; font-family: Verdana; font-size: 13px;\">100% Tinta de Toro (Tempranillo)<\/span> <span class=\"Apple-style-span\" style=\"color: #333333; font-family: Verdana; font-size: 13px;\"><br \/> <\/span> <span class=\"Apple-style-span\" style=\"color: #333333; font-family: Verdana; font-size: 13px;\">M\u0142ode, czerwone, wytrawne wino o ciemnej, po\u0142yskliwej, czerwonej barwie.<\/span> <span class=\"Apple-style-span\" style=\"color: #333333; font-family: Verdana; font-size: 13px;\"><br \/> <\/span> <span class=\"Apple-style-span\" style=\"color: #333333; font-family: Verdana; font-size: 13px;\">W nosie bardzo aromatyczne, owocowe. W ustach smaczne, o doskona\u0142ej, jedwabistej strukturze, d\u0142ugie, dobrze zbudowane.<\/span> <span class=\"Apple-style-span\" style=\"color: #333333; font-family: Verdana; font-size: 13px;\">\u00a0<\/span> <span class=\"Apple-style-span\" style=\"color: #333333; font-family: Verdana; font-size: 13px;\"><br \/> <\/span> <span class=\"Apple-style-span\" style=\"color: #333333; font-family: Verdana; font-size: 13px;\">Podawa\u0107 lekko sch\u0142odzone do pieczonych mi\u0119s, mi\u0119sa czerwonego, zwierzyny \u0142ownej, ser\u00f3w i pasztet\u00f3w.<\/span><\/p>\n","protected":false},"excerpt":{"rendered":"<p>Producent: Bodegas de Marqu\u00e9s de Olivara 100% Tinta de Toro (Tempranillo) M\u0142ode, czerwone, wytrawne wino o ciemnej, po\u0142yskliwej, czerwonej barwie. W nosie bardzo aromatyczne, owocowe. W ustach smaczne, o doskona\u0142ej, jedwabistej strukturze, d\u0142ugie, do&#8230;<\/p>\n","protected":false},"featured_media":11292,"comment_status":"open","ping_status":"closed","template":"","meta":[],"product_cat":[90,133,80],"product_tag":[],"class_list":{"0":"post-11293","1":"product","2":"type-product","3":"status-publish","4":"has-post-thumbnail","6":"product_cat-hiszpania","7":"product_cat-hiszpania-toro","8":"product_cat-wina-swiata","10":"first","11":"instock","12":"shipping-taxable","13":"purchasable","14":"product-type-simple"},"_links":{"self":[{"href":"https:\/\/delikatesy.wineport.pl\/index.php?rest_route=\/wp\/v2\/product\/11293","targetHints":{"allow":["GET"]}}],"collection":[{"href":"https:\/\/delikatesy.wineport.pl\/index.php?rest_route=\/wp\/v2\/product"}],"about":[{"href":"https:\/\/delikatesy.wineport.pl\/index.php?rest_route=\/wp\/v2\/types\/product"}],"replies":[{"embeddable":true,"href":"https:\/\/delikatesy.wineport.pl\/index.php?rest_route=%2Fwp%2Fv2%2Fcomments&post=11293"}],"wp:featuredmedia":[{"embeddable":true,"href":"https:\/\/delikatesy.wineport.pl\/index.php?rest_route=\/wp\/v2\/media\/11292"}],"wp:attachment":[{"href":"https:\/\/delikatesy.wineport.pl\/index.php?rest_route=%2Fwp%2Fv2%2Fmedia&parent=11293"}],"wp:term":[{"taxonomy":"product_cat","embeddable":true,"href":"https:\/\/delikatesy.wineport.pl\/index.php?rest_route=%2Fwp%2Fv2%2Fproduct_cat&post=11293"},{"taxonomy":"product_tag","embeddable":true,"href":"https:\/\/delikatesy.wineport.pl\/index.php?rest_route=%2Fwp%2Fv2%2Fproduct_tag&post=11293"}],"curies":[{"name":"wp","href":"https:\/\/api.w.org\/{rel}","templated":true}]}}