{"id":11860,"date":"2024-03-14T13:32:20","date_gmt":"2024-03-14T12:32:20","guid":{"rendered":"http:\/\/delikatesy.wineport.pl\/?product=estrella-vino-blanco-dulce-de-moscatel-valencia-d-o"},"modified":"2026-05-10T18:27:20","modified_gmt":"2026-05-10T16:27:20","slug":"estrella-vino-blanco-dulce-de-moscatel-valencia-d-o","status":"publish","type":"product","link":"https:\/\/delikatesy.wineport.pl\/?product=estrella-vino-blanco-dulce-de-moscatel-valencia-d-o","title":{"rendered":"ESTRELLA VINO BLANCO DULCE DE MOSCATEL, VALENCIA D.O."},"content":{"rendered":"<ul style=\"font-family: Verdana; font-size: 11px;\">\n<li><span style=\"color: #ff0000;\">UWAGA!!! NIE WYSY\u0141AMY ALKOHOLU KURIEREM W PRZYPADKU ZAM\u00d3WIE\u0143 OD OS\u00d3B PRYWATNYCH, TYLKO ODBI\u00d3R OSOBISTY NA UL. \u015aW. STANIS\u0141AWA 12 W WARSZAWIE!!! W przypadku op\u0142acenia zam\u00f3wienia alkoholu z wysy\u0142k\u0105, przy zwrocie pieni\u0119dzy zostanie potr\u0105cona prowizja\u00a0<\/span><strong style=\"color: #ff0000;\">DOTPAY<\/strong><span style=\"color: #ff0000;\">!<\/span><\/li>\n<li>wino z Walencji\u00a0pe\u0142ne, owocowe, oddaj\u0105ce wp\u0142yw Morza \u015ar\u00f3dziemnego \u00a0wyprodukowane z dojrza\u0142ych winogron Moscatel\u00a0silny aromat z charakterystycznymi owocowymi nutami lychee oraz sk\u00f3rki pomara\u0144czowej\u00a0polecane jako aperitif, do deser\u00f3w oraz wyszukanych da\u0144 jak foie gras.<\/li>\n<\/ul>\n","protected":false},"excerpt":{"rendered":"<p>s\u0142odkie wino z Walencji pe\u0142ne, owocowe, oddaj\u0105ce wp\u0142yw Morza \u015ar\u00f3dziemnego wyprodukowane z dojrza\u0142ych winogron Moscatel silny aromat z charakterystycznymi owocowymi nutami lychee oraz sk\u00f3rki pomara\u0144czowej polecane jako aperitif, do deser\u00f3w oraz wyszuk&#8230;<\/p>\n","protected":false},"featured_media":11859,"comment_status":"open","ping_status":"closed","template":"","meta":[],"product_cat":[90,111,80],"product_tag":[],"class_list":{"0":"post-11860","1":"product","2":"type-product","3":"status-publish","4":"has-post-thumbnail","6":"product_cat-hiszpania","7":"product_cat-hiszpania-valencja","8":"product_cat-wina-swiata","10":"first","11":"instock","12":"shipping-taxable","13":"purchasable","14":"product-type-simple"},"_links":{"self":[{"href":"https:\/\/delikatesy.wineport.pl\/index.php?rest_route=\/wp\/v2\/product\/11860","targetHints":{"allow":["GET"]}}],"collection":[{"href":"https:\/\/delikatesy.wineport.pl\/index.php?rest_route=\/wp\/v2\/product"}],"about":[{"href":"https:\/\/delikatesy.wineport.pl\/index.php?rest_route=\/wp\/v2\/types\/product"}],"replies":[{"embeddable":true,"href":"https:\/\/delikatesy.wineport.pl\/index.php?rest_route=%2Fwp%2Fv2%2Fcomments&post=11860"}],"wp:featuredmedia":[{"embeddable":true,"href":"https:\/\/delikatesy.wineport.pl\/index.php?rest_route=\/wp\/v2\/media\/11859"}],"wp:attachment":[{"href":"https:\/\/delikatesy.wineport.pl\/index.php?rest_route=%2Fwp%2Fv2%2Fmedia&parent=11860"}],"wp:term":[{"taxonomy":"product_cat","embeddable":true,"href":"https:\/\/delikatesy.wineport.pl\/index.php?rest_route=%2Fwp%2Fv2%2Fproduct_cat&post=11860"},{"taxonomy":"product_tag","embeddable":true,"href":"https:\/\/delikatesy.wineport.pl\/index.php?rest_route=%2Fwp%2Fv2%2Fproduct_tag&post=11860"}],"curies":[{"name":"wp","href":"https:\/\/api.w.org\/{rel}","templated":true}]}}