{"id":12831,"date":"2024-03-14T13:38:53","date_gmt":"2024-03-14T12:38:53","guid":{"rendered":"http:\/\/delikatesy.wineport.pl\/?product=campari-07l"},"modified":"2026-05-10T18:46:12","modified_gmt":"2026-05-10T16:46:12","slug":"campari-07l","status":"publish","type":"product","link":"https:\/\/delikatesy.wineport.pl\/?product=campari-07l","title":{"rendered":"CAMPARI 0,7L"},"content":{"rendered":"<p><span style=\"color: #ff0000; font-size: 16px; font-family: arial, helvetica, sans-serif;\">UWAGA!!! NIE WYSY\u0141AMY ALKOHOLU W PRZYPADKU ZAM\u00d3WIE\u0143 OD OS\u00d3B PRYWATNYCH, TYLKO ODBI\u00d3R OSOBISTY NA UL. \u015aW. STANIS\u0141AWA 12 W WARSZAWIE!!! W przypadku op\u0142acenia zam\u00f3wienia alkoholu z wysy\u0142k\u0105, przy zwrocie pieni\u0119dzy zostanie potr\u0105cona prowizja\u00a0DOTPAY!<\/span><\/p>\n<p><span style=\"color: #ff0000; font-size: 16px; font-family: arial, helvetica, sans-serif;\">\u00a0<\/span><\/p>\n<p>\u00a0<\/p>\n<p class=\"MsoNormal\">Campari Bitter 0,7L Campari \u2013 gorzki alkohol (bitter) produkowany w Mediolanie. Campari Bitter posiada charakterystyczny smak (przypominaj\u0105cy mocny pieprzowy aromat), kt\u00f3ry uzyskiwany jest dzi\u0119ki sk\u00f3rce pomara\u0144czy sewilijskiej i zio\u0142om. Campari Podaje si\u0119 z lodem (on the rocks), wod\u0105 sodow\u0105 (campari soda), sokiem pomara\u0144czowym (campari orange) lub jako dodatek do koktajli alkoholowych.<\/p>\n","protected":false},"excerpt":{"rendered":"<p>Campari Bitter 0,7L Campari \u2013 gorzki alkohol (bitter) produkowany w Mediolanie. Campari Bitter posiada charakterystyczny smak (przypominaj\u0105cy mocny pieprzowy aromat), kt\u00f3ry uzyskiwany jest dzi\u0119ki sk\u00f3rce pomara\u0144czy sewilijskiej i zio\u0142om. Campari Podaj&#8230;<\/p>\n","protected":false},"featured_media":12830,"comment_status":"open","ping_status":"closed","template":"","meta":[],"product_cat":[105,104,107,106],"product_tag":[],"class_list":{"0":"post-12831","1":"product","2":"type-product","3":"status-publish","4":"has-post-thumbnail","6":"product_cat-kremy","7":"product_cat-likiery","8":"product_cat-likiery-i-kremy","9":"product_cat-nalewki-i-miody","11":"first","12":"instock","13":"shipping-taxable","14":"purchasable","15":"product-type-simple"},"_links":{"self":[{"href":"https:\/\/delikatesy.wineport.pl\/index.php?rest_route=\/wp\/v2\/product\/12831","targetHints":{"allow":["GET"]}}],"collection":[{"href":"https:\/\/delikatesy.wineport.pl\/index.php?rest_route=\/wp\/v2\/product"}],"about":[{"href":"https:\/\/delikatesy.wineport.pl\/index.php?rest_route=\/wp\/v2\/types\/product"}],"replies":[{"embeddable":true,"href":"https:\/\/delikatesy.wineport.pl\/index.php?rest_route=%2Fwp%2Fv2%2Fcomments&post=12831"}],"wp:featuredmedia":[{"embeddable":true,"href":"https:\/\/delikatesy.wineport.pl\/index.php?rest_route=\/wp\/v2\/media\/12830"}],"wp:attachment":[{"href":"https:\/\/delikatesy.wineport.pl\/index.php?rest_route=%2Fwp%2Fv2%2Fmedia&parent=12831"}],"wp:term":[{"taxonomy":"product_cat","embeddable":true,"href":"https:\/\/delikatesy.wineport.pl\/index.php?rest_route=%2Fwp%2Fv2%2Fproduct_cat&post=12831"},{"taxonomy":"product_tag","embeddable":true,"href":"https:\/\/delikatesy.wineport.pl\/index.php?rest_route=%2Fwp%2Fv2%2Fproduct_tag&post=12831"}],"curies":[{"name":"wp","href":"https:\/\/api.w.org\/{rel}","templated":true}]}}