{"id":12833,"date":"2024-03-14T13:38:53","date_gmt":"2024-03-14T12:38:53","guid":{"rendered":"http:\/\/delikatesy.wineport.pl\/?product=remy-martin-xo-cognac-07l"},"modified":"2026-05-10T18:46:13","modified_gmt":"2026-05-10T16:46:13","slug":"remy-martin-xo-cognac-07l","status":"publish","type":"product","link":"https:\/\/delikatesy.wineport.pl\/?product=remy-martin-xo-cognac-07l","title":{"rendered":"Remy Martin XO Cognac 0,7l"},"content":{"rendered":"<p class=\"MsoNormal\"><span style=\"color: #ff0000;\">UWAGA!!! NIE WYSY\u0141AMY ALKOHOLU KURIEREM W PRZYPADKU ZAM\u00d3WIE\u0143 OD OS\u00d3B PRYWATNYCH, TYLKO ODBI\u00d3R OSOBISTY NA UL. \u015aW. STANIS\u0141AWA 12 W WARSZAWIE!!! W przypadku op\u0142acenia zam\u00f3wienia alkoholu z wysy\u0142k\u0105, przy zwrocie pieni\u0119dzy zostanie potr\u0105cona prowizja\u00a0<\/span><strong style=\"color: #ff0000;\">DOTPAY<\/strong><span style=\"color: #ff0000;\">!<\/span><\/p>\n<p class=\"MsoNormal\">W jego sk\u0142adzie dominuj\u0105 cru Grande Champagne, w 15 % cru Petite Champagne. Barwa jes pe\u0142na \u017cywio\u0142owych mahoniowych refleks\u00f3w. W nucie g\u0142owy dominuj\u0105 bia\u0142e kwiaty takie jak ja\u015bmin i irys, nast\u0119pnie prym wie\u015b\u0107 zaczynaj\u0105 rodzynki oraz owoce p\u00f3\u017anego lata- soczyste \u015bliwki, dojrza\u0142e figi, kandyzowane pomarancze; wzbogacone aromatami cynamonu i orzech\u00f3w laskowych. Finisz pe\u0142en jest op\u0142ywaj\u0105cej usta mi\u0119kko\u015bci, ciep\u0142a, przyjemnie d\u0142ugi i syc\u0105cy.<\/p>\n","protected":false},"excerpt":{"rendered":"<p>W jego sk\u0142adzie dominuj\u0105 cru Grande Champagne, w 15 % cru Petite Champagne. Barwa jes pe\u0142na \u017cywio\u0142owych mahoniowych refleks\u00f3w. W nucie g\u0142owy dominuj\u0105 bia\u0142e kwiaty takie jak ja\u015bmin i irys, nast\u0119pnie prym wie\u015b\u0107 zaczynaj\u0105 rodzynki oraz owoce p\u00f3\u017anego lat&#8230;<\/p>\n","protected":false},"featured_media":12832,"comment_status":"open","ping_status":"closed","template":"","meta":[],"product_cat":[142,146,150,145,149],"product_tag":[],"class_list":{"0":"post-12833","1":"product","2":"type-product","3":"status-publish","4":"has-post-thumbnail","6":"product_cat-alkohole-mocne","7":"product_cat-armagnac-i-brandy","8":"product_cat-cognac-francja-armagnac-i-brandy","9":"product_cat-cognac","10":"product_cat-francja-armagnac-i-brandy","12":"first","13":"instock","14":"shipping-taxable","15":"purchasable","16":"product-type-simple"},"_links":{"self":[{"href":"https:\/\/delikatesy.wineport.pl\/index.php?rest_route=\/wp\/v2\/product\/12833","targetHints":{"allow":["GET"]}}],"collection":[{"href":"https:\/\/delikatesy.wineport.pl\/index.php?rest_route=\/wp\/v2\/product"}],"about":[{"href":"https:\/\/delikatesy.wineport.pl\/index.php?rest_route=\/wp\/v2\/types\/product"}],"replies":[{"embeddable":true,"href":"https:\/\/delikatesy.wineport.pl\/index.php?rest_route=%2Fwp%2Fv2%2Fcomments&post=12833"}],"wp:featuredmedia":[{"embeddable":true,"href":"https:\/\/delikatesy.wineport.pl\/index.php?rest_route=\/wp\/v2\/media\/12832"}],"wp:attachment":[{"href":"https:\/\/delikatesy.wineport.pl\/index.php?rest_route=%2Fwp%2Fv2%2Fmedia&parent=12833"}],"wp:term":[{"taxonomy":"product_cat","embeddable":true,"href":"https:\/\/delikatesy.wineport.pl\/index.php?rest_route=%2Fwp%2Fv2%2Fproduct_cat&post=12833"},{"taxonomy":"product_tag","embeddable":true,"href":"https:\/\/delikatesy.wineport.pl\/index.php?rest_route=%2Fwp%2Fv2%2Fproduct_tag&post=12833"}],"curies":[{"name":"wp","href":"https:\/\/api.w.org\/{rel}","templated":true}]}}