{"id":13220,"date":"2024-03-14T13:40:37","date_gmt":"2024-03-14T12:40:37","guid":{"rendered":"http:\/\/delikatesy.wineport.pl\/?product=wino-baron-de-senac-czerwone-polwytrawne-075l"},"modified":"2026-05-10T18:53:05","modified_gmt":"2026-05-10T16:53:05","slug":"wino-baron-de-senac-czerwone-polwytrawne-075l","status":"publish","type":"product","link":"https:\/\/delikatesy.wineport.pl\/?product=wino-baron-de-senac-czerwone-polwytrawne-075l","title":{"rendered":"Wino Baron de Senac czerwone p\u00f3\u0142wytrawne 0,75L"},"content":{"rendered":"<p class=\"MsoNormal\"><span style=\"color: #ff0000;\">UWAGA!!! NIE WYSY\u0141AMY ALKOHOLU KURIEREM W PRZYPADKU ZAM\u00d3WIE\u0143 OD OS\u00d3B PRYWATNYCH, TYLKO ODBI\u00d3R OSOBISTY NA UL. \u015aW. STANIS\u0141AWA 12 W WARSZAWIE!!! W przypadku op\u0142acenia zam\u00f3wienia alkoholu z wysy\u0142k\u0105, przy zwrocie pieni\u0119dzy zostanie potr\u0105cona prowizja\u00a0<\/span><strong style=\"color: #ff0000;\">DOTPAY<\/strong><span style=\"color: #ff0000;\">!<\/span><\/p>\n<p class=\"MsoNormal\">Bardzo \u0142agodne hiszpa\u0144skie wino czerwone p\u00f3\u0142wytrawne o owocowym charakterze i z\u0142o\u017conym smaku. Mo\u017ce by\u0107 wspania\u0142ym kompanem do posi\u0142k\u00f3w i przek\u0105sek jak i by\u0107 spo\u017cywane samo. Jak na ta cen\u0119 wino jest ca\u0142kiem nie\u017ale zbudowane, bardzo dobra relacja jako\u015bci do ceny. Absolutnie topowa jako\u015b\u0107 po\u015br\u00f3d innych win sto\u0142owych.<\/p>\n","protected":false},"excerpt":{"rendered":"<p>Bardzo \u0142agodne hiszpa\u0144skie wino czerwone p\u00f3\u0142wytrawne o owocowym charakterze i z\u0142o\u017conym smaku. Mo\u017ce by\u0107 wspania\u0142ym kompanem do posi\u0142k\u00f3w i przek\u0105sek jak i by\u0107 spo\u017cywane samo. Jak na ta cen\u0119 wino jest ca\u0142kiem nie\u017ale zbudowane, bardzo dobra relacja jako\u015b&#8230;<\/p>\n","protected":false},"featured_media":13219,"comment_status":"open","ping_status":"closed","template":"","meta":[],"product_cat":[90,111,80],"product_tag":[],"class_list":{"0":"post-13220","1":"product","2":"type-product","3":"status-publish","4":"has-post-thumbnail","6":"product_cat-hiszpania","7":"product_cat-hiszpania-valencja","8":"product_cat-wina-swiata","10":"first","11":"instock","12":"shipping-taxable","13":"purchasable","14":"product-type-simple"},"_links":{"self":[{"href":"https:\/\/delikatesy.wineport.pl\/index.php?rest_route=\/wp\/v2\/product\/13220","targetHints":{"allow":["GET"]}}],"collection":[{"href":"https:\/\/delikatesy.wineport.pl\/index.php?rest_route=\/wp\/v2\/product"}],"about":[{"href":"https:\/\/delikatesy.wineport.pl\/index.php?rest_route=\/wp\/v2\/types\/product"}],"replies":[{"embeddable":true,"href":"https:\/\/delikatesy.wineport.pl\/index.php?rest_route=%2Fwp%2Fv2%2Fcomments&post=13220"}],"wp:featuredmedia":[{"embeddable":true,"href":"https:\/\/delikatesy.wineport.pl\/index.php?rest_route=\/wp\/v2\/media\/13219"}],"wp:attachment":[{"href":"https:\/\/delikatesy.wineport.pl\/index.php?rest_route=%2Fwp%2Fv2%2Fmedia&parent=13220"}],"wp:term":[{"taxonomy":"product_cat","embeddable":true,"href":"https:\/\/delikatesy.wineport.pl\/index.php?rest_route=%2Fwp%2Fv2%2Fproduct_cat&post=13220"},{"taxonomy":"product_tag","embeddable":true,"href":"https:\/\/delikatesy.wineport.pl\/index.php?rest_route=%2Fwp%2Fv2%2Fproduct_tag&post=13220"}],"curies":[{"name":"wp","href":"https:\/\/api.w.org\/{rel}","templated":true}]}}