{"id":13329,"date":"2024-03-14T13:41:19","date_gmt":"2024-03-14T12:41:19","guid":{"rendered":"http:\/\/delikatesy.wineport.pl\/?product=likier-czekoladowy-wedel-05l"},"modified":"2026-05-10T18:54:58","modified_gmt":"2026-05-10T16:54:58","slug":"likier-czekoladowy-wedel-05l","status":"publish","type":"product","link":"https:\/\/delikatesy.wineport.pl\/?product=likier-czekoladowy-wedel-05l","title":{"rendered":"LIKIER CZEKOLADOWY &#8220;WEDEL&#8221; 0,5L"},"content":{"rendered":"<p><span style=\"color: #ff0000; font-size: 16px; font-family: arial, helvetica, sans-serif;\">UWAGA!!! NIE WYSY\u0141AMY ALKOHOLU W PRZYPADKU ZAM\u00d3WIE\u0143 OD OS\u00d3B PRYWATNYCH, TYLKO ODBI\u00d3R OSOBISTY NA UL. \u015aW. STANIS\u0141AWA 12 W WARSZAWIE!!! W przypadku op\u0142acenia zam\u00f3wienia alkoholu z wysy\u0142k\u0105, przy zwrocie pieni\u0119dzy zostanie potr\u0105cona prowizja\u00a0DOTPAY!<\/span><\/p>\n<p><span style=\"color: #ff0000; font-size: 16px; font-family: arial, helvetica, sans-serif;\">\u00a0<\/span><\/p>\n<p class=\"MsoNormal\">Ten nadzwyczajny likier czekoladowy to po\u0142\u0105czenie unikatowych smak\u00f3w i tradycji dw\u00f3ch znakomitych polskich marek: E. Wedel oraz W\u00f3dki Chopin. Sw\u00f3j niepowtarzalny smak zawdzi\u0119cza zastosowaniu starannie dobranych, naturalnych sk\u0142adnik\u00f3w \u2013 w\u00f3dki Chopin Rye, wytwarzanej wed\u0142ug tradycyjnej receptury oraz najlepszej czekolady, przygotowanej przez Maestro Czekolady. Jest to symfonia bogatego kremowego smaku. Kusi aksamitem i mi\u0119kko\u015bci\u0105 oraz, zachwyca nawet najbardziej wymagaj\u0105ce podniebienia.<\/p>\n<p class=\"MsoNormal\">\u00a0<\/p>\n","protected":false},"excerpt":{"rendered":"<p>Ten nadzwyczajny likier czekoladowy to po\u0142\u0105czenie unikatowych smak\u00f3w i tradycji dw\u00f3ch znakomitych polskich marek: E. Wedel oraz W\u00f3dki Chopin. Sw\u00f3j niepowtarzalny smak zawdzi\u0119cza zastosowaniu starannie dobranych, naturalnych sk\u0142adnik\u00f3w \u2013 w\u00f3dki Chopin &#8230;<\/p>\n","protected":false},"featured_media":13328,"comment_status":"open","ping_status":"closed","template":"","meta":[],"product_cat":[105,104,107,106],"product_tag":[],"class_list":{"0":"post-13329","1":"product","2":"type-product","3":"status-publish","4":"has-post-thumbnail","6":"product_cat-kremy","7":"product_cat-likiery","8":"product_cat-likiery-i-kremy","9":"product_cat-nalewki-i-miody","11":"first","12":"instock","13":"shipping-taxable","14":"purchasable","15":"product-type-simple"},"_links":{"self":[{"href":"https:\/\/delikatesy.wineport.pl\/index.php?rest_route=\/wp\/v2\/product\/13329","targetHints":{"allow":["GET"]}}],"collection":[{"href":"https:\/\/delikatesy.wineport.pl\/index.php?rest_route=\/wp\/v2\/product"}],"about":[{"href":"https:\/\/delikatesy.wineport.pl\/index.php?rest_route=\/wp\/v2\/types\/product"}],"replies":[{"embeddable":true,"href":"https:\/\/delikatesy.wineport.pl\/index.php?rest_route=%2Fwp%2Fv2%2Fcomments&post=13329"}],"wp:featuredmedia":[{"embeddable":true,"href":"https:\/\/delikatesy.wineport.pl\/index.php?rest_route=\/wp\/v2\/media\/13328"}],"wp:attachment":[{"href":"https:\/\/delikatesy.wineport.pl\/index.php?rest_route=%2Fwp%2Fv2%2Fmedia&parent=13329"}],"wp:term":[{"taxonomy":"product_cat","embeddable":true,"href":"https:\/\/delikatesy.wineport.pl\/index.php?rest_route=%2Fwp%2Fv2%2Fproduct_cat&post=13329"},{"taxonomy":"product_tag","embeddable":true,"href":"https:\/\/delikatesy.wineport.pl\/index.php?rest_route=%2Fwp%2Fv2%2Fproduct_tag&post=13329"}],"curies":[{"name":"wp","href":"https:\/\/api.w.org\/{rel}","templated":true}]}}