{"id":13726,"date":"2024-03-14T13:47:27","date_gmt":"2024-03-14T12:47:27","guid":{"rendered":"http:\/\/delikatesy.wineport.pl\/?product=18-letni-miod-pitny-poltorak-balsamicum-mellis-700ml"},"modified":"2026-05-10T19:01:09","modified_gmt":"2026-05-10T17:01:09","slug":"18-letni-miod-pitny-poltorak-balsamicum-mellis-700ml","status":"publish","type":"product","link":"https:\/\/delikatesy.wineport.pl\/?product=18-letni-miod-pitny-poltorak-balsamicum-mellis-700ml","title":{"rendered":"18 letni Mi\u00f3d pitny p\u00f3\u0142torak Balsamicum Mellis 700ml"},"content":{"rendered":"<p>Melis to prawdziwa per\u0142a po\u015br\u00f3d wszystkich miod\u00f3w na rynku polskim, jest bez w\u0105tpienia unikatowy na skal\u0119 europejsk\u0105. Najstarszy p\u00f3\u0142torak , o zawarto\u015bci alkoholu na poziomie 15% le\u017cakowany w beczkach ponad 18 lat co czyni go najszlachetniejszym z oferowanych przez nas Miod\u00f3w. Jest on wyrazisty w smaku oraz bardzo intensywny w doznaniach.<\/p>\n","protected":false},"excerpt":{"rendered":"<p>Melis to prawdziwa per\u0142a po\u015br\u00f3d wszystkich miod\u00f3w na rynku polskim, jest bez w\u0105tpienia unikatowy na skal\u0119 europejsk\u0105. Najstarszy p\u00f3\u0142torak , o zawarto\u015bci alkoholu na poziomie 15% le\u017cakowany w beczkach ponad 18 lat co czyni go najszlachetniejszym z oferowanych przez nas Miod\u00f3w. Jest on wyrazisty w smaku oraz bardzo intensywny w doznaniach.<\/p>\n","protected":false},"featured_media":13725,"comment_status":"open","ping_status":"closed","template":"","meta":[],"product_cat":[105,104,139,106],"product_tag":[],"class_list":{"0":"post-13726","1":"product","2":"type-product","3":"status-publish","4":"has-post-thumbnail","6":"product_cat-kremy","7":"product_cat-likiery","8":"product_cat-miody","9":"product_cat-nalewki-i-miody","11":"first","12":"instock","13":"shipping-taxable","14":"purchasable","15":"product-type-simple"},"_links":{"self":[{"href":"https:\/\/delikatesy.wineport.pl\/index.php?rest_route=\/wp\/v2\/product\/13726","targetHints":{"allow":["GET"]}}],"collection":[{"href":"https:\/\/delikatesy.wineport.pl\/index.php?rest_route=\/wp\/v2\/product"}],"about":[{"href":"https:\/\/delikatesy.wineport.pl\/index.php?rest_route=\/wp\/v2\/types\/product"}],"replies":[{"embeddable":true,"href":"https:\/\/delikatesy.wineport.pl\/index.php?rest_route=%2Fwp%2Fv2%2Fcomments&post=13726"}],"wp:featuredmedia":[{"embeddable":true,"href":"https:\/\/delikatesy.wineport.pl\/index.php?rest_route=\/wp\/v2\/media\/13725"}],"wp:attachment":[{"href":"https:\/\/delikatesy.wineport.pl\/index.php?rest_route=%2Fwp%2Fv2%2Fmedia&parent=13726"}],"wp:term":[{"taxonomy":"product_cat","embeddable":true,"href":"https:\/\/delikatesy.wineport.pl\/index.php?rest_route=%2Fwp%2Fv2%2Fproduct_cat&post=13726"},{"taxonomy":"product_tag","embeddable":true,"href":"https:\/\/delikatesy.wineport.pl\/index.php?rest_route=%2Fwp%2Fv2%2Fproduct_tag&post=13726"}],"curies":[{"name":"wp","href":"https:\/\/api.w.org\/{rel}","templated":true}]}}