{"id":13780,"date":"2024-03-14T13:48:24","date_gmt":"2024-03-14T12:48:24","guid":{"rendered":"http:\/\/delikatesy.wineport.pl\/?product=wino-pedro-p-x-d-o-montulia-15-vol-075l"},"modified":"2026-05-10T19:02:20","modified_gmt":"2026-05-10T17:02:20","slug":"wino-pedro-p-x-d-o-montulia-15-vol-075l","status":"publish","type":"product","link":"https:\/\/delikatesy.wineport.pl\/?product=wino-pedro-p-x-d-o-montulia-15-vol-075l","title":{"rendered":"Wino PEDRO P.X. D.O MONTULIA 15 %VOL 0,75L"},"content":{"rendered":"<pre class=\"tw-data-text vk_txt tw-ta tw-text-small\" dir=\"ltr\" style=\"color: #212121; font-size: 16px !important; font-family: inherit;\" data-placeholder=\"T\u0142umaczenie\" data-fulltext=\"\"><span lang=\"pl\"><span style=\"color: #ff0000;\">UWAGA!!! NIE WYSY\u0141AMY ALKOHOLU KURIEREM W PRZYPADKU ZAM\u00d3WIE\u0143 OD OS\u00d3B PRYWATNYCH, TYLKO ODBI\u00d3R OSOBISTY NA UL. \u015aW. STANIS\u0141AWA 12 W WARSZAWIE!!! W przypadku op\u0142acenia zam\u00f3wienia alkoholu z wysy\u0142k\u0105, przy zwrocie pieni\u0119dzy zostanie potr\u0105cona prowizja\u00a0<\/span><strong style=\"color: #ff0000;\">DOTPAY<\/strong><span style=\"color: #ff0000;\">!<\/span><br \/>To naturalnie s\u0142odkie wino powstaje w 100% z rodzynek szczepu Pedro Xim\u00e9nez. Wi<\/span>nogrona z D.O. Montulia po\u0142o\u017cone s\u0105 w obszarach, kt\u00f3re ze wzgl\u0119du na ich usytuowanie, sprzyjaj\u0105  szybkiemu dojrzewaniu winogron , kt\u00f3re nast\u0119pnie s\u0105 zbierane r\u0119cznie po czym suszone na matach ok 7-10 dni na rodzynki. Wina Pedro Ximenes s\u0105 starzone w beczkach d\u0119bowych przez 2 lata. Wino w kolorzeintensywnego mahoniu w ustach dojrza\u0142e owoce , kawa swie\u017copalona i czekolada. Jest bardzo intensywne w ustach. Wino \u015bwietnie komponuje si\u0119 ze wszystkimi deserami r\u00f3wnie\u017c idealne do picia bez \u017cadnych dodatk\u00f3w bo samo w sobie jest prawdziwym rarytasem. Zawarto\u015b\u0107 alkoholu 15%<\/pre>\n","protected":false},"excerpt":{"rendered":"<pre class=\"tw-data-text vk_txt tw-ta tw-text-small\" dir=\"ltr\" style=\"color: #212121; font-size: 16px !important; font-family: inherit;\" data-placeholder=\"T\u0142umaczenie\" data-fulltext=\"\"><span lang=\"pl\">To naturalnie s\u0142odkie wino powstaje w 100% z rodzynek szczepu Pedro Xim\u00e9nez. Wi<\/span>nogrona z D.O. Montulia po\u0142o\u017cone s\u0105 w obszarach, kt\u00f3re ze wzgl\u0119du na ich usytuowanie, sprzyjaj\u0105  szybkiemu dojrzewaniu winogron , kt\u00f3re nast\u0119pnie s\u0105 zbierane r\u0119cznie po czym suszone na matach ok 7-10 dni na rodzynki. Wina Pedro Ximenes s\u0105 starzone w beczkach d\u0119bowych przez 2 lata. Wino w kolorzeintensywnego mahoniu w ustach dojrza\u0142e owoce , kawa swie\u017copalona i czekolada. Jest bardzo intensywne w ustach. Wino \u015bwietnie komponuje si\u0119 ze wszystkimi deserami r\u00f3wnie\u017c idealne do picia bez \u017cadnych dodatk\u00f3w bo samo w sobie jest prawdziwym rarytasem. Zawarto\u015b\u0107 alkoholu 15%<\/pre>\n<pre id=\"tw-target-text\" class=\"tw-data-text vk_txt tw-ta tw-text-small\" dir=\"ltr\" style=\"font-size: 16px !important; font-family: inherit;\" data-placeholder=\"T\u0142umaczenie\" data-fulltext=\"\"><span lang=\"pl\">\u00a0<\/span><\/pre>\n<pre id=\"tw-target-text\" class=\"tw-data-text vk_txt tw-ta tw-text-small\" dir=\"ltr\" style=\"color: #212121; font-size: 16px !important; font-family: inherit;\" data-placeholder=\"T\u0142umaczenie\" data-fulltext=\"\"><span lang=\"pl\">\u00a0<\/span><\/pre>\n","protected":false},"featured_media":13779,"comment_status":"open","ping_status":"closed","template":"","meta":[],"product_cat":[90,137,80],"product_tag":[],"class_list":{"0":"post-13780","1":"product","2":"type-product","3":"status-publish","4":"has-post-thumbnail","6":"product_cat-hiszpania","7":"product_cat-hiszpania-sherry","8":"product_cat-wina-swiata","10":"first","11":"instock","12":"shipping-taxable","13":"purchasable","14":"product-type-simple"},"_links":{"self":[{"href":"https:\/\/delikatesy.wineport.pl\/index.php?rest_route=\/wp\/v2\/product\/13780","targetHints":{"allow":["GET"]}}],"collection":[{"href":"https:\/\/delikatesy.wineport.pl\/index.php?rest_route=\/wp\/v2\/product"}],"about":[{"href":"https:\/\/delikatesy.wineport.pl\/index.php?rest_route=\/wp\/v2\/types\/product"}],"replies":[{"embeddable":true,"href":"https:\/\/delikatesy.wineport.pl\/index.php?rest_route=%2Fwp%2Fv2%2Fcomments&post=13780"}],"wp:featuredmedia":[{"embeddable":true,"href":"https:\/\/delikatesy.wineport.pl\/index.php?rest_route=\/wp\/v2\/media\/13779"}],"wp:attachment":[{"href":"https:\/\/delikatesy.wineport.pl\/index.php?rest_route=%2Fwp%2Fv2%2Fmedia&parent=13780"}],"wp:term":[{"taxonomy":"product_cat","embeddable":true,"href":"https:\/\/delikatesy.wineport.pl\/index.php?rest_route=%2Fwp%2Fv2%2Fproduct_cat&post=13780"},{"taxonomy":"product_tag","embeddable":true,"href":"https:\/\/delikatesy.wineport.pl\/index.php?rest_route=%2Fwp%2Fv2%2Fproduct_tag&post=13780"}],"curies":[{"name":"wp","href":"https:\/\/api.w.org\/{rel}","templated":true}]}}