{"id":14728,"date":"2024-03-14T14:08:29","date_gmt":"2024-03-14T13:08:29","guid":{"rendered":"http:\/\/delikatesy.wineport.pl\/?product=cocalero-likier-z-liscmi-koki-29-07l"},"modified":"2026-05-10T19:18:07","modified_gmt":"2026-05-10T17:18:07","slug":"cocalero-likier-z-liscmi-koki-29-07l","status":"publish","type":"product","link":"https:\/\/delikatesy.wineport.pl\/?product=cocalero-likier-z-liscmi-koki-29-07l","title":{"rendered":"Cocalero Likier z li\u015b\u0107mi koki 29% 0,7L"},"content":{"rendered":"<p><span style=\"color: #ff0000; font-size: 16px; font-family: arial, helvetica, sans-serif;\">UWAGA!!! NIE WYSY\u0141AMY ALKOHOLU W PRZYPADKU ZAM\u00d3WIE\u0143 OD OS\u00d3B PRYWATNYCH, TYLKO ODBI\u00d3R OSOBISTY NA UL. \u015aW. STANIS\u0141AWA 12 W WARSZAWIE!!! W przypadku op\u0142acenia zam\u00f3wienia alkoholu z wysy\u0142k\u0105, przy zwrocie pieni\u0119dzy zostanie potr\u0105cona prowizja\u00a0DOTPAY!<\/span><\/p>\n<p><span style=\"color: #ff0000; font-size: 16px; font-family: arial, helvetica, sans-serif;\">\u00a0<\/span><\/p>\n<p>Cocalero to zio\u0142owy likier z dodatkiem li\u015bci koki, oraz 16 innymi ro\u015blinami, takimi jak guarana, imbir, zielona herbata, pomara\u0144cza, ja\u0142owiec i lawenda.<\/p>\n<p>Najlepiej spo\u017cywa\u0107 bardzo sch\u0142odzony.<\/p>\n","protected":false},"excerpt":{"rendered":"<p>Cocalero to zio\u0142owy likier z dodatkiem li\u015bci koki, oraz 16 innymi ro\u015blinami, takimi jak guarana, imbir, zielona herbata, pomara\u0144cza, ja\u0142owiec i lawenda.<\/p>\n<p>Najlepiej spo\u017cywa\u0107 bardzo sch\u0142odzony.<\/p>\n","protected":false},"featured_media":14727,"comment_status":"open","ping_status":"closed","template":"","meta":[],"product_cat":[105,104,107,106],"product_tag":[],"class_list":{"0":"post-14728","1":"product","2":"type-product","3":"status-publish","4":"has-post-thumbnail","6":"product_cat-kremy","7":"product_cat-likiery","8":"product_cat-likiery-i-kremy","9":"product_cat-nalewki-i-miody","11":"first","12":"instock","13":"shipping-taxable","14":"purchasable","15":"product-type-simple"},"_links":{"self":[{"href":"https:\/\/delikatesy.wineport.pl\/index.php?rest_route=\/wp\/v2\/product\/14728","targetHints":{"allow":["GET"]}}],"collection":[{"href":"https:\/\/delikatesy.wineport.pl\/index.php?rest_route=\/wp\/v2\/product"}],"about":[{"href":"https:\/\/delikatesy.wineport.pl\/index.php?rest_route=\/wp\/v2\/types\/product"}],"replies":[{"embeddable":true,"href":"https:\/\/delikatesy.wineport.pl\/index.php?rest_route=%2Fwp%2Fv2%2Fcomments&post=14728"}],"wp:featuredmedia":[{"embeddable":true,"href":"https:\/\/delikatesy.wineport.pl\/index.php?rest_route=\/wp\/v2\/media\/14727"}],"wp:attachment":[{"href":"https:\/\/delikatesy.wineport.pl\/index.php?rest_route=%2Fwp%2Fv2%2Fmedia&parent=14728"}],"wp:term":[{"taxonomy":"product_cat","embeddable":true,"href":"https:\/\/delikatesy.wineport.pl\/index.php?rest_route=%2Fwp%2Fv2%2Fproduct_cat&post=14728"},{"taxonomy":"product_tag","embeddable":true,"href":"https:\/\/delikatesy.wineport.pl\/index.php?rest_route=%2Fwp%2Fv2%2Fproduct_tag&post=14728"}],"curies":[{"name":"wp","href":"https:\/\/api.w.org\/{rel}","templated":true}]}}