{"id":15512,"date":"2024-03-14T14:15:00","date_gmt":"2024-03-14T13:15:00","guid":{"rendered":"http:\/\/delikatesy.wineport.pl\/?product=meukow-xo-gold-panther-07-kart"},"modified":"2026-05-10T19:31:09","modified_gmt":"2026-05-10T17:31:09","slug":"meukow-xo-gold-panther-07-kart","status":"publish","type":"product","link":"https:\/\/delikatesy.wineport.pl\/?product=meukow-xo-gold-panther-07-kart","title":{"rendered":"Meukow XO Gold Panther 0,7 kart"},"content":{"rendered":"<p><span id=\"result_box\" lang=\"pl\" style=\"color: #080808; font-family: &quot;;\" xml:lang=\"pl\"><span style=\"font-family: inherit;\"><span style=\"color: #ff0000;\">UWAGA!!! NIE WYSY\u0141AMY ALKOHOLU KURIEREM W PRZYPADKU ZAM\u00d3WIE\u0143 OD OS\u00d3B PRYWATNYCH, TYLKO ODBI\u00d3R OSOBISTY NA UL. \u015aW. STANIS\u0141AWA 12 W WARSZAWIE!!! W przypadku op\u0142acenia zam\u00f3wienia alkoholu z wysy\u0142k\u0105, przy zwrocie pieni\u0119dzy zostanie potr\u0105cona prowizja\u00a0<\/span><strong style=\"color: #ff0000;\">DOTPAY<\/strong><span style=\"color: #ff0000;\">!<\/span><\/span><\/span><\/p>\n<p><span id=\"result_box\" lang=\"pl\" style=\"color: #080808; font-family: &quot;;\" xml:lang=\"pl\"><span style=\"font-family: inherit;\">Meukow Cognac to firma za\u0142o\u017cona w 1862 roku przez braci Auguste-Christophe i Gustav Meukowa, aby zabezpieczy\u0107 ci\u0105g\u0142e dostawy koniak\u00f3w dla \u00f3wczesnego\u00a0 cara Rosji.<\/span>\u00a0Firma do dzi\u015b\u00a0<span style=\"font-family: inherit;\">jest firm\u0105 rodzinn\u0105 i dzia\u0142a pod zarz\u0105dem Compagnie de Guyenne.<\/span><br \/><span style=\"font-family: inherit;\">Koniaki produkowane przez Meukowa s\u0105\u00a0 rozpoznawalne poprzez panter\u0119 umieszczon\u0105 na ka\u017cdej butelce,\u00a0 symbolizuj\u0105c\u0105 &#8220;moc, elegancj\u0119 i gi\u0119tko\u015b\u0107&#8221;,\u00a0 uosobienie trunku.<\/span>\u00a0<span style=\"font-family: inherit;\">Opr\u00f3cz licznych zdobytych nagr\u00f3d,\u00a0 Meukow nosi wyr\u00f3\u017cnienie jako oficjalny Cognac dostarczany zar\u00f3wno do Bia\u0142ego Domu, jak i Izby Lord\u00f3w w Londynie<\/span><\/span><span style=\"color: #080808; font-family: &quot;;\">.<\/span><br style=\"color: #080808; font-family: &quot;;\" \/><span lang=\"pl\" style=\"color: #080808; font-family: &quot;;\" xml:lang=\"pl\"><span style=\"font-family: inherit;\">Meukow X.O.<\/span>\u00a0<span style=\"font-family: inherit;\">Gold Panther Cognac le\u017cakowany jest przez co najmniej 25 lat w d\u0119bowych beczkach.<\/span>\u00a0Pantera umieszczona\u00a0<span style=\"font-family: inherit;\">\u00a0na butelce pokryta jest 24-karatowym z\u0142otem.<\/span><\/span><br style=\"color: #080808; font-family: &quot;;\" \/><br style=\"color: #080808; font-family: &quot;;\" \/><strong style=\"color: #080808; font-family: &quot;;\">Zapach:<\/strong><span style=\"color: #080808; font-family: &quot;;\">\u00a0<\/span><span lang=\"pl\" style=\"color: #080808; font-family: &quot;;\" xml:lang=\"pl\"><span style=\"font-family: inherit;\">Nuty kwiatowe i owocowe, gorzka czekolada, ja\u015bmin.<\/span><\/span><br style=\"color: #080808; font-family: &quot;;\" \/><strong style=\"color: #080808; font-family: &quot;;\">Smak:<\/strong><span style=\"color: #080808; font-family: &quot;;\">\u00a0<\/span><span lang=\"pl\" style=\"color: #080808; font-family: &quot;;\" xml:lang=\"pl\"><span style=\"font-family: inherit;\">Harmonijny i elegancki, waniliowy, nuta drewna i przyprawy.<\/span><\/span><br style=\"color: #080808; font-family: &quot;;\" \/><strong style=\"color: #080808; font-family: &quot;;\">Finisz:<\/strong><span style=\"color: #080808; font-family: &quot;;\">\u00a0D\u0142ugi, przyjemnie s\u0142odki.<\/span><\/p>\n","protected":false},"excerpt":{"rendered":"<p><span id=\"result_box\" lang=\"pl\" style=\"color: #080808; font-family: &quot;;\" xml:lang=\"pl\"><span style=\"font-family: inherit;\">Meukow Cognac to firma za\u0142o\u017cona w 1862 roku przez braci Auguste-Christophe i Gustav Meukowa, aby zabezpieczy\u0107 ci\u0105g\u0142e dostawy koniak\u00f3w dla \u00f3wczesnego\u00a0 cara Rosji.<\/span>\u00a0Firma do dzi\u015b\u00a0<span style=\"font-family: inherit;\">jest firm\u0105 rodzinn\u0105 i dzia\u0142a pod zarz\u0105dem Compagnie de Guyenne.<\/span><br \/><span style=\"font-family: inherit;\">Koniaki produkowane przez Meukowa s\u0105\u00a0 rozpoznawalne poprzez panter\u0119 umieszczon\u0105 na ka\u017cdej butelce,\u00a0 symbolizuj\u0105c\u0105 &#8220;moc, elegancj\u0119 i gi\u0119tko\u015b\u0107&#8221;,\u00a0 uosobienie trunku.<\/span>\u00a0<span style=\"font-family: inherit;\">Opr\u00f3cz licznych zdobytych nagr\u00f3d,\u00a0 Meukow nosi wyr\u00f3\u017cnienie jako oficjalny Cognac dostarczany zar\u00f3wno do Bia\u0142ego Domu, jak i Izby Lord\u00f3w w Londynie<\/span><\/span><span style=\"color: #080808; font-family: &quot;;\">.<\/span><br style=\"color: #080808; font-family: &quot;;\" \/><span lang=\"pl\" style=\"color: #080808; font-family: &quot;;\" xml:lang=\"pl\"><span style=\"font-family: inherit;\">Meukow X.O.<\/span>\u00a0<span style=\"font-family: inherit;\">Gold Panther Cognac le\u017cakowany jest przez co najmniej 25 lat w d\u0119bowych beczkach.<\/span>\u00a0Pantera umieszczona\u00a0<span style=\"font-family: inherit;\">\u00a0na butelce pokryta jest 24-karatowym z\u0142otem.<\/span><\/span><br style=\"color: #080808; font-family: &quot;;\" \/><br style=\"color: #080808; font-family: &quot;;\" \/><strong style=\"color: #080808; font-family: &quot;;\">Zapach:<\/strong><span style=\"color: #080808; font-family: &quot;;\">\u00a0<\/span><span lang=\"pl\" style=\"color: #080808; font-family: &quot;;\" xml:lang=\"pl\"><span style=\"font-family: inherit;\">Nuty kwiatowe i owocowe, gorzka czekolada, ja\u015bmin.<\/span><\/span><br style=\"color: #080808; font-family: &quot;;\" \/><strong style=\"color: #080808; font-family: &quot;;\">Smak:<\/strong><span style=\"color: #080808; font-family: &quot;;\">\u00a0<\/span><span lang=\"pl\" style=\"color: #080808; font-family: &quot;;\" xml:lang=\"pl\"><span style=\"font-family: inherit;\">Harmonijny i elegancki, waniliowy, nuta drewna i przyprawy.<\/span><\/span><br style=\"color: #080808; font-family: &quot;;\" \/><strong style=\"color: #080808; font-family: &quot;;\">Finisz:<\/strong><span style=\"color: #080808; font-family: &quot;;\">\u00a0D\u0142ugi, przyjemnie s\u0142odki.<\/span><\/p>\n","protected":false},"featured_media":15511,"comment_status":"open","ping_status":"closed","template":"","meta":[],"product_cat":[142,146,145,150,149],"product_tag":[],"class_list":{"0":"post-15512","1":"product","2":"type-product","3":"status-publish","4":"has-post-thumbnail","6":"product_cat-alkohole-mocne","7":"product_cat-armagnac-i-brandy","8":"product_cat-cognac","9":"product_cat-cognac-francja-armagnac-i-brandy","10":"product_cat-francja-armagnac-i-brandy","12":"first","13":"instock","14":"shipping-taxable","15":"purchasable","16":"product-type-simple"},"_links":{"self":[{"href":"https:\/\/delikatesy.wineport.pl\/index.php?rest_route=\/wp\/v2\/product\/15512","targetHints":{"allow":["GET"]}}],"collection":[{"href":"https:\/\/delikatesy.wineport.pl\/index.php?rest_route=\/wp\/v2\/product"}],"about":[{"href":"https:\/\/delikatesy.wineport.pl\/index.php?rest_route=\/wp\/v2\/types\/product"}],"replies":[{"embeddable":true,"href":"https:\/\/delikatesy.wineport.pl\/index.php?rest_route=%2Fwp%2Fv2%2Fcomments&post=15512"}],"wp:featuredmedia":[{"embeddable":true,"href":"https:\/\/delikatesy.wineport.pl\/index.php?rest_route=\/wp\/v2\/media\/15511"}],"wp:attachment":[{"href":"https:\/\/delikatesy.wineport.pl\/index.php?rest_route=%2Fwp%2Fv2%2Fmedia&parent=15512"}],"wp:term":[{"taxonomy":"product_cat","embeddable":true,"href":"https:\/\/delikatesy.wineport.pl\/index.php?rest_route=%2Fwp%2Fv2%2Fproduct_cat&post=15512"},{"taxonomy":"product_tag","embeddable":true,"href":"https:\/\/delikatesy.wineport.pl\/index.php?rest_route=%2Fwp%2Fv2%2Fproduct_tag&post=15512"}],"curies":[{"name":"wp","href":"https:\/\/api.w.org\/{rel}","templated":true}]}}