{"id":16144,"date":"2024-03-14T14:17:29","date_gmt":"2024-03-14T13:17:29","guid":{"rendered":"http:\/\/delikatesy.wineport.pl\/?product=absinthe-de-moravie-0-5l"},"modified":"2026-05-10T19:41:58","modified_gmt":"2026-05-10T17:41:58","slug":"absinthe-de-moravie-0-5l","status":"publish","type":"product","link":"https:\/\/delikatesy.wineport.pl\/?product=absinthe-de-moravie-0-5l","title":{"rendered":"Absinthe De Moravie 0.5L"},"content":{"rendered":"<p><span style=\"font-size: 19.36px; font-family: latoM;\">Absinthe De Moravie to wyj\u0105tkowy czeski absynt, otrzymywany w procesie destylacji r\u00f3\u017cnego rodzaju zi\u00f3\u0142, przede wszystkim kwiat\u00f3w i li\u015bci pio\u0142unu (Artemisia absinthium) oraz any\u017cu, z dodatkiem kopru w\u0142oskiego, hyzopu i innych. Butelka zawiera owoce any\u017cu i kopru. Absinthe De Moravie jest naturalnie zielony o ste\u017ceniu tujonu 15mg\/ kg mog\u0105cym wywo\u0142a\u0107 w\u0142a\u015bciwo\u015bci psychoaktywne.<\/span><\/p>\n","protected":false},"excerpt":{"rendered":"<p><span style=\"font-size: 19.36px; font-family: latoM;\">Absinthe De Moravie to wyj\u0105tkowy czeski absynt, otrzymywany w procesie destylacji r\u00f3\u017cnego rodzaju zi\u00f3\u0142, przede wszystkim kwiat\u00f3w i li\u015bci pio\u0142unu (Artemisia absinthium) oraz any\u017cu, z dodatkiem kopru w\u0142oskiego, hyzopu i innych. Butelka zawiera owoce any\u017cu i kopru. Absinthe De Moravie jest naturalnie zielony o ste\u017ceniu tujonu 15mg\/ kg mog\u0105cym wywo\u0142a\u0107 w\u0142a\u015bciwo\u015bci psychoaktywne.<\/span><\/p>\n","protected":false},"featured_media":16143,"comment_status":"open","ping_status":"closed","template":"","meta":[],"product_cat":[203,142],"product_tag":[],"class_list":{"0":"post-16144","1":"product","2":"type-product","3":"status-publish","4":"has-post-thumbnail","6":"product_cat-absynt","7":"product_cat-alkohole-mocne","9":"first","10":"instock","11":"shipping-taxable","12":"purchasable","13":"product-type-simple"},"_links":{"self":[{"href":"https:\/\/delikatesy.wineport.pl\/index.php?rest_route=\/wp\/v2\/product\/16144","targetHints":{"allow":["GET"]}}],"collection":[{"href":"https:\/\/delikatesy.wineport.pl\/index.php?rest_route=\/wp\/v2\/product"}],"about":[{"href":"https:\/\/delikatesy.wineport.pl\/index.php?rest_route=\/wp\/v2\/types\/product"}],"replies":[{"embeddable":true,"href":"https:\/\/delikatesy.wineport.pl\/index.php?rest_route=%2Fwp%2Fv2%2Fcomments&post=16144"}],"wp:featuredmedia":[{"embeddable":true,"href":"https:\/\/delikatesy.wineport.pl\/index.php?rest_route=\/wp\/v2\/media\/16143"}],"wp:attachment":[{"href":"https:\/\/delikatesy.wineport.pl\/index.php?rest_route=%2Fwp%2Fv2%2Fmedia&parent=16144"}],"wp:term":[{"taxonomy":"product_cat","embeddable":true,"href":"https:\/\/delikatesy.wineport.pl\/index.php?rest_route=%2Fwp%2Fv2%2Fproduct_cat&post=16144"},{"taxonomy":"product_tag","embeddable":true,"href":"https:\/\/delikatesy.wineport.pl\/index.php?rest_route=%2Fwp%2Fv2%2Fproduct_tag&post=16144"}],"curies":[{"name":"wp","href":"https:\/\/api.w.org\/{rel}","templated":true}]}}