{"id":16146,"date":"2024-03-14T14:17:30","date_gmt":"2024-03-14T13:17:30","guid":{"rendered":"http:\/\/delikatesy.wineport.pl\/?product=absinthe-naturelle-0-5l"},"modified":"2026-05-10T19:41:59","modified_gmt":"2026-05-10T17:41:59","slug":"absinthe-naturelle-0-5l","status":"publish","type":"product","link":"https:\/\/delikatesy.wineport.pl\/?product=absinthe-naturelle-0-5l","title":{"rendered":"Absinthe Naturelle 0.5L"},"content":{"rendered":"<p><span style=\"font-size: 19.36px; font-family: latoM;\">Oryginalny absynt pochodz\u0105cy z Czech. Jest to produkt marki premium firmy Metelka, naturalny, produkowany w specjalnej technologii, bez dodatku sztucznych barwnik\u00f3w. Na spodzie ka\u017cdej butelki znajdziemy owoce kolendry, kt\u00f3re dodatkowo wzmacniaj\u0105 jego oryginalny charakter nie wp\u0142ywaj\u0105c jednak\u017ce na smak. Zawarto\u015b\u0107 tujonu &#8211; 10mg<\/span><\/p>\n","protected":false},"excerpt":{"rendered":"<p><span style=\"font-size: 19.36px; font-family: latoM;\">Oryginalny absynt pochodz\u0105cy z Czech. Jest to produkt marki premium firmy Metelka, naturalny, produkowany w specjalnej technologii, bez dodatku sztucznych barwnik\u00f3w. Na spodzie ka\u017cdej butelki znajdziemy owoce kolendry, kt\u00f3re dodatkowo wzmacniaj\u0105 jego oryginalny charakter nie wp\u0142ywaj\u0105c jednak\u017ce na smak. Zawarto\u015b\u0107 tujonu &#8211; 10mg<\/span><\/p>\n","protected":false},"featured_media":16145,"comment_status":"open","ping_status":"closed","template":"","meta":[],"product_cat":[203,142],"product_tag":[],"class_list":{"0":"post-16146","1":"product","2":"type-product","3":"status-publish","4":"has-post-thumbnail","6":"product_cat-absynt","7":"product_cat-alkohole-mocne","9":"first","10":"instock","11":"shipping-taxable","12":"purchasable","13":"product-type-simple"},"_links":{"self":[{"href":"https:\/\/delikatesy.wineport.pl\/index.php?rest_route=\/wp\/v2\/product\/16146","targetHints":{"allow":["GET"]}}],"collection":[{"href":"https:\/\/delikatesy.wineport.pl\/index.php?rest_route=\/wp\/v2\/product"}],"about":[{"href":"https:\/\/delikatesy.wineport.pl\/index.php?rest_route=\/wp\/v2\/types\/product"}],"replies":[{"embeddable":true,"href":"https:\/\/delikatesy.wineport.pl\/index.php?rest_route=%2Fwp%2Fv2%2Fcomments&post=16146"}],"wp:featuredmedia":[{"embeddable":true,"href":"https:\/\/delikatesy.wineport.pl\/index.php?rest_route=\/wp\/v2\/media\/16145"}],"wp:attachment":[{"href":"https:\/\/delikatesy.wineport.pl\/index.php?rest_route=%2Fwp%2Fv2%2Fmedia&parent=16146"}],"wp:term":[{"taxonomy":"product_cat","embeddable":true,"href":"https:\/\/delikatesy.wineport.pl\/index.php?rest_route=%2Fwp%2Fv2%2Fproduct_cat&post=16146"},{"taxonomy":"product_tag","embeddable":true,"href":"https:\/\/delikatesy.wineport.pl\/index.php?rest_route=%2Fwp%2Fv2%2Fproduct_tag&post=16146"}],"curies":[{"name":"wp","href":"https:\/\/api.w.org\/{rel}","templated":true}]}}