{"id":16255,"date":"2024-03-14T14:17:55","date_gmt":"2024-03-14T13:17:55","guid":{"rendered":"http:\/\/delikatesy.wineport.pl\/?product=petite-champagne-1969-lheraud-cognac-1969-0-7l"},"modified":"2026-05-10T19:44:09","modified_gmt":"2026-05-10T17:44:09","slug":"petite-champagne-1969-lheraud-cognac-1969-0-7l","status":"publish","type":"product","link":"https:\/\/delikatesy.wineport.pl\/?product=petite-champagne-1969-lheraud-cognac-1969-0-7l","title":{"rendered":"PETITE CHAMPAGNE 1969 LHERAUD COGNAC 1969 0.7l"},"content":{"rendered":"<div class=\"c-product__details c-text\" style=\"font-size: 1.4rem; font-family: Helvetica, Tahoma, sans-serif;\">\n<p>Apelacja: AOC Cognac\u00a0<span class=\"h-ws-nw\">Kraj: Francja<\/span>\u00a0<span class=\"h-ws-nw\">Region: Cognac<\/span>\u00a0<span class=\"h-ws-nw\">Producent:\u00a0<a href=\"https:\/\/wina-mp.pl\/producent\/guy-lheraud-cognac\">Guy Lheraud Cognac<\/a>\u00a0<\/span>\u00a0<span class=\"h-ws-nw\">Poj.: 0.7<\/span>\u00a0<span class=\"h-ws-nw\">Zaw. Alk. %: 40.0<\/span>\u00a0<span class=\"h-ws-nw\">Rocznik: 1969<\/span><\/p>\n<\/p><\/div>\n<div class=\"c-product__desc c-text c-text--lh\" style=\"font-size: 1.4rem; font-family: Helvetica, Tahoma, sans-serif;\">\n<p>Ka\u017cdy rocznik ma sw\u00f3j w\u0142asny, unikatowy charakter. Ka\u017cdy jest inny, a o z\u0142o\u017cono\u015bci bukietu \u015bwiadcz\u0105 najsubtelniejsze nuty aromat\u00f3w. Trudno jest opisa\u0107 ka\u017cdy z osobna &#8211; polecamy spr\u00f3bowa\u0107! Na \u017cyczenie sprowadzamy rocznikowe trunki z ostatnich 100 lat.<\/p>\n<\/p><\/div>\n","protected":false},"excerpt":{"rendered":"<div class=\"c-product__details c-text\" style=\"font-size: 1.4rem; font-family: Helvetica, Tahoma, sans-serif;\">\n<p>Apelacja: AOC Cognac\u00a0<span class=\"h-ws-nw\">Kraj: Francja<\/span>\u00a0<span class=\"h-ws-nw\">Region: Cognac<\/span>\u00a0<span class=\"h-ws-nw\">Producent:\u00a0<a href=\"https:\/\/wina-mp.pl\/producent\/guy-lheraud-cognac\">Guy Lheraud Cognac<\/a>\u00a0<\/span>\u00a0<span class=\"h-ws-nw\">Poj.: 0.7<\/span>\u00a0<span class=\"h-ws-nw\">Zaw. Alk. %: 40.0<\/span>\u00a0<span class=\"h-ws-nw\">Rocznik: 1969<\/span><\/p>\n<\/p><\/div>\n<div class=\"c-product__desc c-text c-text--lh\" style=\"font-size: 1.4rem; font-family: Helvetica, Tahoma, sans-serif;\">\n<p>Ka\u017cdy rocznik ma sw\u00f3j w\u0142asny, unikatowy charakter. Ka\u017cdy jest inny, a o z\u0142o\u017cono\u015bci bukietu \u015bwiadcz\u0105 najsubtelniejsze nuty aromat\u00f3w. Trudno jest opisa\u0107 ka\u017cdy z osobna &#8211; polecamy spr\u00f3bowa\u0107! Na \u017cyczenie sprowadzamy rocznikowe trunki z ostatnich 100 lat.<\/p>\n<\/p><\/div>\n","protected":false},"featured_media":16254,"comment_status":"open","ping_status":"closed","template":"","meta":[],"product_cat":[142,146,150,145,149],"product_tag":[],"class_list":{"0":"post-16255","1":"product","2":"type-product","3":"status-publish","4":"has-post-thumbnail","6":"product_cat-alkohole-mocne","7":"product_cat-armagnac-i-brandy","8":"product_cat-cognac-francja-armagnac-i-brandy","9":"product_cat-cognac","10":"product_cat-francja-armagnac-i-brandy","12":"first","13":"instock","14":"shipping-taxable","15":"purchasable","16":"product-type-simple"},"_links":{"self":[{"href":"https:\/\/delikatesy.wineport.pl\/index.php?rest_route=\/wp\/v2\/product\/16255","targetHints":{"allow":["GET"]}}],"collection":[{"href":"https:\/\/delikatesy.wineport.pl\/index.php?rest_route=\/wp\/v2\/product"}],"about":[{"href":"https:\/\/delikatesy.wineport.pl\/index.php?rest_route=\/wp\/v2\/types\/product"}],"replies":[{"embeddable":true,"href":"https:\/\/delikatesy.wineport.pl\/index.php?rest_route=%2Fwp%2Fv2%2Fcomments&post=16255"}],"wp:featuredmedia":[{"embeddable":true,"href":"https:\/\/delikatesy.wineport.pl\/index.php?rest_route=\/wp\/v2\/media\/16254"}],"wp:attachment":[{"href":"https:\/\/delikatesy.wineport.pl\/index.php?rest_route=%2Fwp%2Fv2%2Fmedia&parent=16255"}],"wp:term":[{"taxonomy":"product_cat","embeddable":true,"href":"https:\/\/delikatesy.wineport.pl\/index.php?rest_route=%2Fwp%2Fv2%2Fproduct_cat&post=16255"},{"taxonomy":"product_tag","embeddable":true,"href":"https:\/\/delikatesy.wineport.pl\/index.php?rest_route=%2Fwp%2Fv2%2Fproduct_tag&post=16255"}],"curies":[{"name":"wp","href":"https:\/\/api.w.org\/{rel}","templated":true}]}}