{"id":16479,"date":"2024-03-14T14:18:55","date_gmt":"2024-03-14T13:18:55","guid":{"rendered":"http:\/\/delikatesy.wineport.pl\/?product=farigoule-0-5"},"modified":"2026-05-10T19:47:11","modified_gmt":"2026-05-10T17:47:11","slug":"farigoule-0-5","status":"publish","type":"product","link":"https:\/\/delikatesy.wineport.pl\/?product=farigoule-0-5","title":{"rendered":"FARIGOULE 0.5"},"content":{"rendered":"<div class=\"c-product__details c-text\" style=\"font-size: 1.4rem; font-family: Helvetica, Tahoma, sans-serif;\">\n<p><span class=\"h-ws-nw\">Kraj: Francja<\/span>\u00a0<span class=\"h-ws-nw\">Region: Prowansja<\/span>\u00a0<span class=\"h-ws-nw\">Producent:\u00a0<a href=\"https:\/\/wina-mp.pl\/producent\/distilleries-et-domaines-prove\">Distilleries Et Domaines Prove<\/a>\u00a0<\/span>\u00a0<span class=\"h-ws-nw\">Poj.: 0.5<\/span>\u00a0<span class=\"h-ws-nw\">Zaw. Alk. %: 40.0<\/span><\/p>\n<\/p><\/div>\n<div class=\"c-product__desc c-text c-text--lh\" style=\"font-size: 1.4rem; font-family: Helvetica, Tahoma, sans-serif;\">\n<p>Jeden z najstarszych i najbardziej tradycyjnych produkt\u00f3w destylarni, skomponowany na bazie tymianku, z odrobin\u0105 werbeny, dzi\u0119gla, sza\u0142wii, karmelu, cukru i alkoholu. Ciep\u0142y i aromatyczny likier o zapachu kwiat\u00f3w tymianku z lekko korzenn\u0105 nut\u0105. W smaku wyczuwalna odrobina cytryny, kt\u00f3ra nadaje mu lekko orze\u017awiaj\u0105cego charakteru i soczystego finiszu. Elegancki i bardzo klasyczny digestif, kt\u00f3ry serwujemy zawsze sch\u0142odzony. \u015awietnie sprawdza si\u0119 r\u00f3wnie\u017c pomi\u0119dzy kolejnymi daniami (\u015bwietnie oczyszcza i od\u015bwie\u017ca kubki smakowe), jako dodatek do kawy lub potraw, a tak\u017ce do flambirowania kurczaka albo krewetek.<\/p>\n<\/p><\/div>\n<div id=\"js-product\" style=\"font-size: 10px; font-family: Helvetica, Tahoma, sans-serif;\">\n<div class=\"c-product__actions\">\n<div class=\"c-product__stores\">\n<div class=\"c-dropdown is-disabled\"><span style=\"font-size: 1.2rem; font-family: inherit;\">Zaloguj si\u0119, aby sprawdzi\u0107 dost\u0119pno\u015b\u0107<\/span><\/div>\n<\/p><\/div>\n<\/p><\/div>\n<\/p><\/div>\n","protected":false},"excerpt":{"rendered":"<div class=\"c-product__details c-text\" style=\"font-size: 1.4rem; font-family: Helvetica, Tahoma, sans-serif;\">\n<p><span class=\"h-ws-nw\">Kraj: Francja<\/span>\u00a0<span class=\"h-ws-nw\">Region: Prowansja<\/span>\u00a0<span class=\"h-ws-nw\">Producent:\u00a0<a href=\"https:\/\/wina-mp.pl\/producent\/distilleries-et-domaines-prove\">Distilleries Et Domaines Prove<\/a>\u00a0<\/span>\u00a0<span class=\"h-ws-nw\">Poj.: 0.5<\/span>\u00a0<span class=\"h-ws-nw\">Zaw. Alk. %: 40.0<\/span><\/p>\n<\/p><\/div>\n<div class=\"c-product__desc c-text c-text--lh\" style=\"font-size: 1.4rem; font-family: Helvetica, Tahoma, sans-serif;\">\n<p>Jeden z najstarszych i najbardziej tradycyjnych produkt\u00f3w destylarni, skomponowany na bazie tymianku, z odrobin\u0105 werbeny, dzi\u0119gla, sza\u0142wii, karmelu, cukru i alkoholu. Ciep\u0142y i aromatyczny likier o zapachu kwiat\u00f3w tymianku z lekko korzenn\u0105 nut\u0105. W smaku wyczuwalna odrobina cytryny, kt\u00f3ra nadaje mu lekko orze\u017awiaj\u0105cego charakteru i soczystego finiszu. Elegancki i bardzo klasyczny digestif, kt\u00f3ry serwujemy zawsze sch\u0142odzony. \u015awietnie sprawdza si\u0119 r\u00f3wnie\u017c pomi\u0119dzy kolejnymi daniami (\u015bwietnie oczyszcza i od\u015bwie\u017ca kubki smakowe), jako dodatek do kawy lub potraw, a tak\u017ce do flambirowania kurczaka albo krewetek.<\/p>\n<\/p><\/div>\n<div id=\"js-product\" style=\"font-size: 10px; font-family: Helvetica, Tahoma, sans-serif;\">\n<div class=\"c-product__actions\">\n<div class=\"c-product__stores\">\n<div class=\"c-dropdown is-disabled\"><span style=\"font-size: 1.2rem; font-family: inherit;\">Zaloguj si\u0119, aby sprawdzi\u0107 dost\u0119pno\u015b\u0107<\/span><\/div>\n<\/p><\/div>\n<\/p><\/div>\n<\/p><\/div>\n","protected":false},"featured_media":16478,"comment_status":"open","ping_status":"closed","template":"","meta":[],"product_cat":[105,104,107,106],"product_tag":[],"class_list":{"0":"post-16479","1":"product","2":"type-product","3":"status-publish","4":"has-post-thumbnail","6":"product_cat-kremy","7":"product_cat-likiery","8":"product_cat-likiery-i-kremy","9":"product_cat-nalewki-i-miody","11":"first","12":"instock","13":"shipping-taxable","14":"purchasable","15":"product-type-simple"},"_links":{"self":[{"href":"https:\/\/delikatesy.wineport.pl\/index.php?rest_route=\/wp\/v2\/product\/16479","targetHints":{"allow":["GET"]}}],"collection":[{"href":"https:\/\/delikatesy.wineport.pl\/index.php?rest_route=\/wp\/v2\/product"}],"about":[{"href":"https:\/\/delikatesy.wineport.pl\/index.php?rest_route=\/wp\/v2\/types\/product"}],"replies":[{"embeddable":true,"href":"https:\/\/delikatesy.wineport.pl\/index.php?rest_route=%2Fwp%2Fv2%2Fcomments&post=16479"}],"wp:featuredmedia":[{"embeddable":true,"href":"https:\/\/delikatesy.wineport.pl\/index.php?rest_route=\/wp\/v2\/media\/16478"}],"wp:attachment":[{"href":"https:\/\/delikatesy.wineport.pl\/index.php?rest_route=%2Fwp%2Fv2%2Fmedia&parent=16479"}],"wp:term":[{"taxonomy":"product_cat","embeddable":true,"href":"https:\/\/delikatesy.wineport.pl\/index.php?rest_route=%2Fwp%2Fv2%2Fproduct_cat&post=16479"},{"taxonomy":"product_tag","embeddable":true,"href":"https:\/\/delikatesy.wineport.pl\/index.php?rest_route=%2Fwp%2Fv2%2Fproduct_tag&post=16479"}],"curies":[{"name":"wp","href":"https:\/\/api.w.org\/{rel}","templated":true}]}}