{"id":16595,"date":"2024-03-14T14:19:18","date_gmt":"2024-03-14T13:19:18","guid":{"rendered":"http:\/\/delikatesy.wineport.pl\/?product=alpler-krauterbitter-0-7"},"modified":"2026-05-10T19:49:03","modified_gmt":"2026-05-10T17:49:03","slug":"alpler-krauterbitter-0-7","status":"publish","type":"product","link":"https:\/\/delikatesy.wineport.pl\/?product=alpler-krauterbitter-0-7","title":{"rendered":"ALPLER KRAUTERBITTER 0.7"},"content":{"rendered":"<div class=\"c-product__details c-text\" style=\"font-size: 1.4rem; font-family: Helvetica, Tahoma, sans-serif;\">\n<p><span class=\"h-ws-nw\">Kraj: W\u0142ochy<\/span>\u00a0<span class=\"h-ws-nw\">Region: Suditrol-Alto Adiga<\/span>\u00a0<span class=\"h-ws-nw\">Producent:\u00a0<a href=\"https:\/\/wina-mp.pl\/producent\/roner\">Roner<\/a>\u00a0<\/span>\u00a0<span class=\"h-ws-nw\">Poj.: 0.7<\/span>\u00a0<span class=\"h-ws-nw\">Zaw. Alk. %: 40.0<\/span><\/p>\n<\/p><\/div>\n<div class=\"c-product__desc c-text c-text--lh\" style=\"font-size: 1.4rem; font-family: Helvetica, Tahoma, sans-serif;\">\n<p>Klasyczny digestif na bazie starej receptury trzymanej w sekrecie przez tyrolskich g\u00f3rali. Wiele rodzaj\u00f3w zi\u00f3\u0142 jest mieszane razem aby otrzyma\u0107 ten gorzki likier. Bardzo wytrawny bitter, bez dodatku cukru, z wybijaj\u0105cymi si\u0119 nutami pio\u0142unu i mi\u0119ty. Staro\u017cytni zakonnicy nazywali ten trunek \u201eEliksirem d\u0142ugiego \u017cycia\u201d ze wzgl\u0119du na jego uzdrawiaj\u0105ce \u017co\u0142\u0105dek dzia\u0142anie.<\/p>\n<\/p><\/div>\n","protected":false},"excerpt":{"rendered":"<div class=\"c-product__details c-text\" style=\"font-size: 1.4rem; font-family: Helvetica, Tahoma, sans-serif;\">\n<p><span class=\"h-ws-nw\">Kraj: W\u0142ochy<\/span>\u00a0<span class=\"h-ws-nw\">Region: Suditrol-Alto Adiga<\/span>\u00a0<span class=\"h-ws-nw\">Producent:\u00a0<a href=\"https:\/\/wina-mp.pl\/producent\/roner\">Roner<\/a>\u00a0<\/span>\u00a0<span class=\"h-ws-nw\">Poj.: 0.7<\/span>\u00a0<span class=\"h-ws-nw\">Zaw. Alk. %: 40.0<\/span><\/p>\n<\/p><\/div>\n<div class=\"c-product__desc c-text c-text--lh\" style=\"font-size: 1.4rem; font-family: Helvetica, Tahoma, sans-serif;\">\n<p>Klasyczny digestif na bazie starej receptury trzymanej w sekrecie przez tyrolskich g\u00f3rali. Wiele rodzaj\u00f3w zi\u00f3\u0142 jest mieszane razem aby otrzyma\u0107 ten gorzki likier. Bardzo wytrawny bitter, bez dodatku cukru, z wybijaj\u0105cymi si\u0119 nutami pio\u0142unu i mi\u0119ty. Staro\u017cytni zakonnicy nazywali ten trunek \u201eEliksirem d\u0142ugiego \u017cycia\u201d ze wzgl\u0119du na jego uzdrawiaj\u0105ce \u017co\u0142\u0105dek dzia\u0142anie.<\/p>\n<\/p><\/div>\n","protected":false},"featured_media":16594,"comment_status":"open","ping_status":"closed","template":"","meta":[],"product_cat":[105,104,107,106],"product_tag":[],"class_list":{"0":"post-16595","1":"product","2":"type-product","3":"status-publish","4":"has-post-thumbnail","6":"product_cat-kremy","7":"product_cat-likiery","8":"product_cat-likiery-i-kremy","9":"product_cat-nalewki-i-miody","11":"first","12":"instock","13":"shipping-taxable","14":"purchasable","15":"product-type-simple"},"_links":{"self":[{"href":"https:\/\/delikatesy.wineport.pl\/index.php?rest_route=\/wp\/v2\/product\/16595","targetHints":{"allow":["GET"]}}],"collection":[{"href":"https:\/\/delikatesy.wineport.pl\/index.php?rest_route=\/wp\/v2\/product"}],"about":[{"href":"https:\/\/delikatesy.wineport.pl\/index.php?rest_route=\/wp\/v2\/types\/product"}],"replies":[{"embeddable":true,"href":"https:\/\/delikatesy.wineport.pl\/index.php?rest_route=%2Fwp%2Fv2%2Fcomments&post=16595"}],"wp:featuredmedia":[{"embeddable":true,"href":"https:\/\/delikatesy.wineport.pl\/index.php?rest_route=\/wp\/v2\/media\/16594"}],"wp:attachment":[{"href":"https:\/\/delikatesy.wineport.pl\/index.php?rest_route=%2Fwp%2Fv2%2Fmedia&parent=16595"}],"wp:term":[{"taxonomy":"product_cat","embeddable":true,"href":"https:\/\/delikatesy.wineport.pl\/index.php?rest_route=%2Fwp%2Fv2%2Fproduct_cat&post=16595"},{"taxonomy":"product_tag","embeddable":true,"href":"https:\/\/delikatesy.wineport.pl\/index.php?rest_route=%2Fwp%2Fv2%2Fproduct_tag&post=16595"}],"curies":[{"name":"wp","href":"https:\/\/api.w.org\/{rel}","templated":true}]}}